{"id":6213,"date":"2026-02-23T18:43:45","date_gmt":"2026-02-23T17:43:45","guid":{"rendered":"https:\/\/izoteryk.pl\/?post_type=product&#038;p=6213"},"modified":"2026-02-23T18:58:28","modified_gmt":"2026-02-23T17:58:28","slug":"kadzidelka-stozkowe-hem-o-zapachu-musk","status":"publish","type":"product","link":"https:\/\/izoteryk.pl\/?product=kadzidelka-stozkowe-hem-o-zapachu-musk","title":{"rendered":"Kadzide\u0142ka sto\u017ckowe HEM o zapachu Musk"},"content":{"rendered":"<p>Kadzide\u0142ka sto\u017ckowe HEM &#8211; zapach: Musk &#8211; mieszanka kwiat\u00f3w, drewna i \u017cywicy<\/p>\n<p>Zapach relaksuj\u0105cy, mo\u017ce te\u017c sprawdzi\u0107 si\u0119 jako afrodyzjak<\/p>\n<p>Uwaga!: Przy paleniu kadzide\u0142ek nale\u017cy zachowa\u0107 ostro\u017cno\u015b\u0107 \u2013 zadba\u0107 o odpowiedni\u0105 cyrkulacj\u0119 powietrza, pali\u0107 je w przeznaczonych do tego podstawkach, nie stawia\u0107 przy oknie, nie zostawia\u0107 zapalonego kadzide\u0142ka bez dozoru, chroni\u0107 przed dzie\u0107mi i zwierz\u0119tami.<\/p>\n","protected":false},"excerpt":{"rendered":"<p>SPECYFIKACJA:<\/p>\n<ul>\n<li>Stan: nowy<\/li>\n<li>Marka: HEM<\/li>\n<li>Zapach: Musk<\/li>\n<li>Ilo\u015b\u0107 sztuk w opakowaniu: 10<\/li>\n<li>Kraj pochodzenia: Indie<\/li>\n<\/ul>\n","protected":false},"featured_media":6214,"comment_status":"open","ping_status":"closed","template":"","meta":[],"product_brand":[437],"product_cat":[237,160,266],"product_tag":[425],"class_list":{"0":"post-6213","1":"product","2":"type-product","3":"status-publish","4":"has-post-thumbnail","6":"product_brand-hem","7":"product_cat-stozkowe","8":"product_cat-kadzidelka","9":"product_cat-musk","10":"product_tag-sklep-z-kadzidelkami","12":"first","13":"instock","14":"shipping-taxable","15":"purchasable","16":"product-type-simple"},"_links":{"self":[{"href":"https:\/\/izoteryk.pl\/index.php?rest_route=\/wp\/v2\/product\/6213","targetHints":{"allow":["GET"]}}],"collection":[{"href":"https:\/\/izoteryk.pl\/index.php?rest_route=\/wp\/v2\/product"}],"about":[{"href":"https:\/\/izoteryk.pl\/index.php?rest_route=\/wp\/v2\/types\/product"}],"replies":[{"embeddable":true,"href":"https:\/\/izoteryk.pl\/index.php?rest_route=%2Fwp%2Fv2%2Fcomments&post=6213"}],"wp:featuredmedia":[{"embeddable":true,"href":"https:\/\/izoteryk.pl\/index.php?rest_route=\/wp\/v2\/media\/6214"}],"wp:attachment":[{"href":"https:\/\/izoteryk.pl\/index.php?rest_route=%2Fwp%2Fv2%2Fmedia&parent=6213"}],"wp:term":[{"taxonomy":"product_brand","embeddable":true,"href":"https:\/\/izoteryk.pl\/index.php?rest_route=%2Fwp%2Fv2%2Fproduct_brand&post=6213"},{"taxonomy":"product_cat","embeddable":true,"href":"https:\/\/izoteryk.pl\/index.php?rest_route=%2Fwp%2Fv2%2Fproduct_cat&post=6213"},{"taxonomy":"product_tag","embeddable":true,"href":"https:\/\/izoteryk.pl\/index.php?rest_route=%2Fwp%2Fv2%2Fproduct_tag&post=6213"}],"curies":[{"name":"wp","href":"https:\/\/api.w.org\/{rel}","templated":true}]}}