{"id":6173,"date":"2026-02-18T01:15:42","date_gmt":"2026-02-18T00:15:42","guid":{"rendered":"https:\/\/izoteryk.pl\/?post_type=product&#038;p=6173"},"modified":"2026-02-18T01:25:40","modified_gmt":"2026-02-18T00:25:40","slug":"gasidlo-do-swiec-zagaszacz-ok-26-cm","status":"publish","type":"product","link":"https:\/\/izoteryk.pl\/?product=gasidlo-do-swiec-zagaszacz-ok-26-cm","title":{"rendered":"Gasid\u0142o do \u015bwiec &#8211; zagaszacz ok. 26 cm"},"content":{"rendered":"<p>Gaside\u0142ko jest niezwykle przydatnym narz\u0119dziem do spokojnego i eleganckiego gaszenia \u015bwiec.<\/p>\n","protected":false},"excerpt":{"rendered":"<p>SPECYFIKACJA:<\/p>\n<ul>\n<li>Stan: nowe<\/li>\n<li>Materia\u0142: metal<\/li>\n<li>Kolor: z\u0142oty<\/li>\n<li>D\u0142ugo\u015b\u0107 ca\u0142kowita: ok. 26 cm<\/li>\n<\/ul>\n","protected":false},"featured_media":6174,"comment_status":"open","ping_status":"closed","template":"","meta":[],"product_brand":[],"product_cat":[105,148,84,171,224,42],"product_tag":[],"class_list":{"0":"post-6173","1":"product","2":"type-product","3":"status-publish","4":"has-post-thumbnail","6":"product_cat-zloty","7":"product_cat-akcesoria-magiczne","8":"product_cat-sklep-ezoteryczny","9":"product_cat-swieczki","10":"product_cat-swieczniki","11":"product_cat-z-metalu","13":"first","14":"instock","15":"shipping-taxable","16":"purchasable","17":"product-type-simple"},"_links":{"self":[{"href":"https:\/\/izoteryk.pl\/index.php?rest_route=\/wp\/v2\/product\/6173","targetHints":{"allow":["GET"]}}],"collection":[{"href":"https:\/\/izoteryk.pl\/index.php?rest_route=\/wp\/v2\/product"}],"about":[{"href":"https:\/\/izoteryk.pl\/index.php?rest_route=\/wp\/v2\/types\/product"}],"replies":[{"embeddable":true,"href":"https:\/\/izoteryk.pl\/index.php?rest_route=%2Fwp%2Fv2%2Fcomments&post=6173"}],"wp:featuredmedia":[{"embeddable":true,"href":"https:\/\/izoteryk.pl\/index.php?rest_route=\/wp\/v2\/media\/6174"}],"wp:attachment":[{"href":"https:\/\/izoteryk.pl\/index.php?rest_route=%2Fwp%2Fv2%2Fmedia&parent=6173"}],"wp:term":[{"taxonomy":"product_brand","embeddable":true,"href":"https:\/\/izoteryk.pl\/index.php?rest_route=%2Fwp%2Fv2%2Fproduct_brand&post=6173"},{"taxonomy":"product_cat","embeddable":true,"href":"https:\/\/izoteryk.pl\/index.php?rest_route=%2Fwp%2Fv2%2Fproduct_cat&post=6173"},{"taxonomy":"product_tag","embeddable":true,"href":"https:\/\/izoteryk.pl\/index.php?rest_route=%2Fwp%2Fv2%2Fproduct_tag&post=6173"}],"curies":[{"name":"wp","href":"https:\/\/api.w.org\/{rel}","templated":true}]}}