{"id":6152,"date":"2026-02-15T00:46:28","date_gmt":"2026-02-14T23:46:28","guid":{"rendered":"https:\/\/izoteryk.pl\/?post_type=product&#038;p=6152"},"modified":"2026-02-15T01:49:11","modified_gmt":"2026-02-15T00:49:11","slug":"budda-figurka-wysokosc-18cm","status":"publish","type":"product","link":"https:\/\/izoteryk.pl\/?product=budda-figurka-wysokosc-18cm","title":{"rendered":"Budda figurka &#8211; wysoko\u015b\u0107 18cm"},"content":{"rendered":"<p>Pi\u0119kna gipsowa figurka medytuj\u0105cego czarnego Buddy ubranego w bogato zdobione szaty. Cudo! Ludzie! Bierzcie bo wykupi\u0105!<\/p>\n","protected":false},"excerpt":{"rendered":"<p>SPECYFIKACJA:<\/p>\n<ul>\n<li>Stan: nowe<\/li>\n<li>Materia\u0142: gips<\/li>\n<li>Wymiary: 18 x 9 cm<\/li>\n<\/ul>\n","protected":false},"featured_media":6153,"comment_status":"open","ping_status":"closed","template":"","meta":[],"product_brand":[],"product_cat":[92,196,124,247,204,110,114,190,117,112,194,148,34,168,260,84,108,275],"product_tag":[],"class_list":{"0":"post-6152","1":"product","2":"type-product","3":"status-publish","4":"has-post-thumbnail","6":"product_cat-czarny-kolor","7":"product_cat-ecru","8":"product_cat-harmonia","9":"product_cat-madrosc","10":"product_cat-obfitosc","11":"product_cat-pokoj","12":"product_cat-rownowaga","13":"product_cat-spokoj","14":"product_cat-uniwersalna-moc","15":"product_cat-zdrowie","16":"product_cat-zrozumienie","17":"product_cat-akcesoria-magiczne","18":"product_cat-amulety-i-talizmany","19":"product_cat-budda","20":"product_cat-rzezby-i-figurki","21":"product_cat-sklep-ezoteryczny","22":"product_cat-symbole","23":"product_cat-z-gipsu","24":"product_shipping_class-rozmiar-xl","26":"first","27":"instock","28":"shipping-taxable","29":"purchasable","30":"product-type-simple"},"_links":{"self":[{"href":"https:\/\/izoteryk.pl\/index.php?rest_route=\/wp\/v2\/product\/6152","targetHints":{"allow":["GET"]}}],"collection":[{"href":"https:\/\/izoteryk.pl\/index.php?rest_route=\/wp\/v2\/product"}],"about":[{"href":"https:\/\/izoteryk.pl\/index.php?rest_route=\/wp\/v2\/types\/product"}],"replies":[{"embeddable":true,"href":"https:\/\/izoteryk.pl\/index.php?rest_route=%2Fwp%2Fv2%2Fcomments&post=6152"}],"wp:featuredmedia":[{"embeddable":true,"href":"https:\/\/izoteryk.pl\/index.php?rest_route=\/wp\/v2\/media\/6153"}],"wp:attachment":[{"href":"https:\/\/izoteryk.pl\/index.php?rest_route=%2Fwp%2Fv2%2Fmedia&parent=6152"}],"wp:term":[{"taxonomy":"product_brand","embeddable":true,"href":"https:\/\/izoteryk.pl\/index.php?rest_route=%2Fwp%2Fv2%2Fproduct_brand&post=6152"},{"taxonomy":"product_cat","embeddable":true,"href":"https:\/\/izoteryk.pl\/index.php?rest_route=%2Fwp%2Fv2%2Fproduct_cat&post=6152"},{"taxonomy":"product_tag","embeddable":true,"href":"https:\/\/izoteryk.pl\/index.php?rest_route=%2Fwp%2Fv2%2Fproduct_tag&post=6152"}],"curies":[{"name":"wp","href":"https:\/\/api.w.org\/{rel}","templated":true}]}}