{"id":6045,"date":"2025-04-06T14:21:35","date_gmt":"2025-04-06T12:21:35","guid":{"rendered":"https:\/\/izoteryk.pl\/?post_type=product&#038;p=6045"},"modified":"2026-01-05T15:37:56","modified_gmt":"2026-01-05T14:37:56","slug":"zolta-mala-czaszka-swieca-wosku-pszczelego","status":"publish","type":"product","link":"https:\/\/izoteryk.pl\/?product=zolta-mala-czaszka-swieca-wosku-pszczelego","title":{"rendered":"\u017b\u00f3\u0142ta ma\u0142a czaszka &#8211; \u015bwieca wosku pszczelego"},"content":{"rendered":"<p>Ma\u0142a, \u017c\u00f3\u0142ta \u015bwieczka z naturalnego wosku pszczelego przedstawiaj\u0105ca czaszk\u0119.<\/p>\n<p>Czaszka jako symbol zwi\u0105zana jest nie tylko jak si\u0119 wydaje ze \u015bmierci\u0105, marno\u015bci\u0105 \u017cycia i przemijaniem, ale przede wszystkim z transformacj\u0105, przemian\u0105 a nawet odrodzeniem. Kiedy co\u015b odchodzi na to miejsce przychodzi co\u015b nowego, innego, lepszego.<\/p>\n<p>W bia\u0142ej magii \u017c\u00f3\u0142tej \u015bwieczki u\u017cywa si\u0119 do rytua\u0142\u00f3w zwi\u0105zanych z si\u0142\u0105 przebicia i sukcesem a tak\u017ce z intelektem, nauk\u0105 i egzaminami.<\/p>\n<p>W rytua\u0142ach \u017c\u00f3\u0142t\u0105 czaszk\u0119 mo\u017cna wykorzysta\u0107 do transformacji umys\u0142u, zmian zwi\u0105zanych z prowadzeniem jakiej\u015b dzia\u0142alno\u015bci, wdra\u017cania nowych pomys\u0142\u00f3w, zast\u0119puj\u0105cych stare, nie sprawdzaj\u0105ce si\u0119 struktury.<\/p>\n","protected":false},"excerpt":{"rendered":"<p>SPECYFIKACJA:<\/p>\n<ul>\n<li>Stan: nowe<\/li>\n<li>Materia\u0142: Wosk pszczeli<\/li>\n<li>Knot: bawe\u0142niany<\/li>\n<li>Wymiary \u015bwiecy: ok. wys. 3,5 cm, szer. 2,8 cm, d\u0142. 4 cm<\/li>\n<li>Czas palenia: ok. 70 minut<\/li>\n<\/ul>\n","protected":false},"featured_media":6046,"comment_status":"open","ping_status":"closed","template":"","meta":[],"product_brand":[],"product_cat":[433,247,432,137,430,93,148,168,154,91,84,171,185],"product_tag":[],"class_list":{"0":"post-6045","1":"product","2":"type-product","3":"status-publish","4":"has-post-thumbnail","6":"product_cat-inspiracja","7":"product_cat-madrosc","8":"product_cat-przemiana-amulety-i-talizmany","9":"product_cat-sukces","10":"product_cat-transformacja","11":"product_cat-zolty","12":"product_cat-akcesoria-magiczne","13":"product_cat-budda","14":"product_cat-czaszka","15":"product_cat-kolor","16":"product_cat-sklep-ezoteryczny","17":"product_cat-swieczki","18":"product_cat-z-wosku-pszczelego","19":"product_shipping_class-rozmiar-l","21":"first","22":"instock","23":"shipping-taxable","24":"purchasable","25":"product-type-simple"},"_links":{"self":[{"href":"https:\/\/izoteryk.pl\/index.php?rest_route=\/wp\/v2\/product\/6045","targetHints":{"allow":["GET"]}}],"collection":[{"href":"https:\/\/izoteryk.pl\/index.php?rest_route=\/wp\/v2\/product"}],"about":[{"href":"https:\/\/izoteryk.pl\/index.php?rest_route=\/wp\/v2\/types\/product"}],"replies":[{"embeddable":true,"href":"https:\/\/izoteryk.pl\/index.php?rest_route=%2Fwp%2Fv2%2Fcomments&post=6045"}],"wp:featuredmedia":[{"embeddable":true,"href":"https:\/\/izoteryk.pl\/index.php?rest_route=\/wp\/v2\/media\/6046"}],"wp:attachment":[{"href":"https:\/\/izoteryk.pl\/index.php?rest_route=%2Fwp%2Fv2%2Fmedia&parent=6045"}],"wp:term":[{"taxonomy":"product_brand","embeddable":true,"href":"https:\/\/izoteryk.pl\/index.php?rest_route=%2Fwp%2Fv2%2Fproduct_brand&post=6045"},{"taxonomy":"product_cat","embeddable":true,"href":"https:\/\/izoteryk.pl\/index.php?rest_route=%2Fwp%2Fv2%2Fproduct_cat&post=6045"},{"taxonomy":"product_tag","embeddable":true,"href":"https:\/\/izoteryk.pl\/index.php?rest_route=%2Fwp%2Fv2%2Fproduct_tag&post=6045"}],"curies":[{"name":"wp","href":"https:\/\/api.w.org\/{rel}","templated":true}]}}