{"id":6012,"date":"2025-03-30T12:54:54","date_gmt":"2025-03-30T10:54:54","guid":{"rendered":"https:\/\/izoteryk.pl\/?post_type=product&#038;p=6012"},"modified":"2026-01-23T15:02:09","modified_gmt":"2026-01-23T14:02:09","slug":"zolta-swieca-kochankow-z-wosku-pszczelego","status":"publish","type":"product","link":"https:\/\/izoteryk.pl\/?product=zolta-swieca-kochankow-z-wosku-pszczelego","title":{"rendered":"\u017b\u00f3\u0142ta \u015bwieca kochank\u00f3w &#8211; z wosku pszczelego"},"content":{"rendered":"<p>\u017b\u00f3\u0142ta \u015bwieca z naturalnego wosku pszczelego przedstawia par\u0119 kochank\u00f3w w mi\u0142osnym uniesieniu, zwr\u00f3conych do siebie przodem, co symbolizuje zbli\u017canie si\u0119 do siebie.<\/p>\n<p>\u017b\u00f3\u0142ty to kolor intelektu, inspiracji, tw\u00f3rczej weny, rozwijania pasji, brni\u0119cia do przodu i pokonywania przeszk\u00f3d.<\/p>\n<p>\u015awiec\u0119 mo\u017cna wykorzysta\u0107 do rytua\u0142\u00f3w mi\u0142osnych wzmacniaj\u0105cych zwi\u0105zek na poziomie intelektualnym, wzbudzaj\u0105cych wsp\u00f3lne pasje i zainteresowania, wnosz\u0105cych w \u017cycie pary rado\u015b\u0107 oraz aktywno\u015b\u0107.<\/p>\n<p>\u015awieca jest zalewana r\u0119cznie.<\/p>\n<p>Po wypaleniu si\u0119 \u015bwiecy pozostaje du\u017co wosku.<\/p>\n<p>&nbsp;<\/p>\n","protected":false},"excerpt":{"rendered":"<p>SPECYFIKACJA:<\/p>\n<ul>\n<li>Stan: nowe<\/li>\n<li>Materia\u0142: Wosk pszczeli<\/li>\n<li>Knot: bawe\u0142niany<\/li>\n<li>Wymiary \u015bwiecy: 10x6x4cm<\/li>\n<li>Czas palenia: ok. 4,5 godziny<\/li>\n<\/ul>\n","protected":false},"featured_media":6013,"comment_status":"open","ping_status":"closed","template":"","meta":[],"product_brand":[],"product_cat":[385,191,85,177,93,148,91,84,171,185],"product_tag":[],"class_list":{"0":"post-6012","1":"product","2":"type-product","3":"status-publish","4":"has-post-thumbnail","6":"product_cat-ambicja","7":"product_cat-komunikacja","8":"product_cat-milosc","9":"product_cat-radosc","10":"product_cat-zolty","11":"product_cat-akcesoria-magiczne","12":"product_cat-kolor","13":"product_cat-sklep-ezoteryczny","14":"product_cat-swieczki","15":"product_cat-z-wosku-pszczelego","16":"product_shipping_class-rozmiar-l","18":"first","19":"instock","20":"shipping-taxable","21":"purchasable","22":"product-type-simple"},"_links":{"self":[{"href":"https:\/\/izoteryk.pl\/index.php?rest_route=\/wp\/v2\/product\/6012","targetHints":{"allow":["GET"]}}],"collection":[{"href":"https:\/\/izoteryk.pl\/index.php?rest_route=\/wp\/v2\/product"}],"about":[{"href":"https:\/\/izoteryk.pl\/index.php?rest_route=\/wp\/v2\/types\/product"}],"replies":[{"embeddable":true,"href":"https:\/\/izoteryk.pl\/index.php?rest_route=%2Fwp%2Fv2%2Fcomments&post=6012"}],"wp:featuredmedia":[{"embeddable":true,"href":"https:\/\/izoteryk.pl\/index.php?rest_route=\/wp\/v2\/media\/6013"}],"wp:attachment":[{"href":"https:\/\/izoteryk.pl\/index.php?rest_route=%2Fwp%2Fv2%2Fmedia&parent=6012"}],"wp:term":[{"taxonomy":"product_brand","embeddable":true,"href":"https:\/\/izoteryk.pl\/index.php?rest_route=%2Fwp%2Fv2%2Fproduct_brand&post=6012"},{"taxonomy":"product_cat","embeddable":true,"href":"https:\/\/izoteryk.pl\/index.php?rest_route=%2Fwp%2Fv2%2Fproduct_cat&post=6012"},{"taxonomy":"product_tag","embeddable":true,"href":"https:\/\/izoteryk.pl\/index.php?rest_route=%2Fwp%2Fv2%2Fproduct_tag&post=6012"}],"curies":[{"name":"wp","href":"https:\/\/api.w.org\/{rel}","templated":true}]}}