{"id":5996,"date":"2025-02-12T14:57:45","date_gmt":"2025-02-12T13:57:45","guid":{"rendered":"https:\/\/izoteryk.pl\/?post_type=product&#038;p=5996"},"modified":"2026-02-14T19:46:16","modified_gmt":"2026-02-14T18:46:16","slug":"biala-szalwia-kadzidelka-pylkowe-satya","status":"publish","type":"product","link":"https:\/\/izoteryk.pl\/?product=biala-szalwia-kadzidelka-pylkowe-satya","title":{"rendered":"Bia\u0142a sza\u0142wia &#8211; kadzide\u0142ka py\u0142kowe SATYA"},"content":{"rendered":"<p>Kadzide\u0142ka py\u0142kowe marki SATYA o zapachu white sage czyli bia\u0142a sza\u0142wia.<\/p>\n<p>Bia\u0142a sza\u0142wia jest \u015bwi\u0119tym zielem Indian Navajo &#8211; zapach ten polecany jest na oczyszczanie pomieszcze\u0144 ze z\u0142ych energii. Po oczyszczeniu pomieszczenia warto u\u017cy\u0107 r\u00f3wnie\u017c innego zapachu &#8211; najbardziej popularn\u0105 ro\u015blin\u0105, kt\u00f3r\u0105 stosuje si\u0119 po oczyszczeniu przestrzeni bia\u0142\u0105 sza\u0142wi\u0105 jest palo santo, ale mo\u017cna u\u017cy\u0107 te\u017c innych zapach\u00f3w w zale\u017cno\u015bci od tego co chce si\u0119 przyci\u0105gn\u0105\u0107 do swojego \u017cycia.<\/p>\n<p>Uwaga!: Przy paleniu kadzide\u0142ek nale\u017cy zachowa\u0107 ostro\u017cno\u015b\u0107 \u2013 zadba\u0107 o odpowiedni\u0105 cyrkulacj\u0119 powietrza, pali\u0107 je w przeznaczonych do tego podstawkach, nie stawia\u0107 przy oknie, nie zostawia\u0107 zapalonego kadzide\u0142ka bez opieki, chroni\u0107 przed dzie\u0107mi i zwierz\u0119tami.<\/p>\n","protected":false},"excerpt":{"rendered":"<p>SPECYFIKACJA:<\/p>\n<ul>\n<li>Stan: nowy<\/li>\n<li>Marka: KRISHAN<\/li>\n<li>Zapach: Bia\u0142a sza\u0142wia<\/li>\n<li>D\u0142ugo\u015b\u0107 opakowania: 21,5cm<\/li>\n<li>Ilo\u015b\u0107 sztuk w opakowaniu: 15g (ok 15 sztuk)<\/li>\n<\/ul>\n","protected":false},"featured_media":5997,"comment_status":"open","ping_status":"closed","template":"","meta":[],"product_brand":[426],"product_cat":[107,116,238,148,241,160,84,161],"product_tag":[424,425],"class_list":{"0":"post-5996","1":"product","2":"type-product","3":"status-publish","4":"has-post-thumbnail","6":"product_brand-satya","7":"product_cat-ochrona","8":"product_cat-oczyszczanie","9":"product_cat-patyczkowe","10":"product_cat-akcesoria-magiczne","11":"product_cat-biala-szalwia","12":"product_cat-kadzidelka","13":"product_cat-sklep-ezoteryczny","14":"product_cat-zapachy","15":"product_tag-biala-szalwia","16":"product_tag-sklep-z-kadzidelkami","18":"first","19":"instock","20":"featured","21":"shipping-taxable","22":"purchasable","23":"product-type-simple"},"_links":{"self":[{"href":"https:\/\/izoteryk.pl\/index.php?rest_route=\/wp\/v2\/product\/5996","targetHints":{"allow":["GET"]}}],"collection":[{"href":"https:\/\/izoteryk.pl\/index.php?rest_route=\/wp\/v2\/product"}],"about":[{"href":"https:\/\/izoteryk.pl\/index.php?rest_route=\/wp\/v2\/types\/product"}],"replies":[{"embeddable":true,"href":"https:\/\/izoteryk.pl\/index.php?rest_route=%2Fwp%2Fv2%2Fcomments&post=5996"}],"wp:featuredmedia":[{"embeddable":true,"href":"https:\/\/izoteryk.pl\/index.php?rest_route=\/wp\/v2\/media\/5997"}],"wp:attachment":[{"href":"https:\/\/izoteryk.pl\/index.php?rest_route=%2Fwp%2Fv2%2Fmedia&parent=5996"}],"wp:term":[{"taxonomy":"product_brand","embeddable":true,"href":"https:\/\/izoteryk.pl\/index.php?rest_route=%2Fwp%2Fv2%2Fproduct_brand&post=5996"},{"taxonomy":"product_cat","embeddable":true,"href":"https:\/\/izoteryk.pl\/index.php?rest_route=%2Fwp%2Fv2%2Fproduct_cat&post=5996"},{"taxonomy":"product_tag","embeddable":true,"href":"https:\/\/izoteryk.pl\/index.php?rest_route=%2Fwp%2Fv2%2Fproduct_tag&post=5996"}],"curies":[{"name":"wp","href":"https:\/\/api.w.org\/{rel}","templated":true}]}}