{"id":5916,"date":"2024-08-23T16:58:53","date_gmt":"2024-08-23T14:58:53","guid":{"rendered":"https:\/\/izoteryk.pl\/?post_type=product&#038;p=5916"},"modified":"2026-02-14T21:41:21","modified_gmt":"2026-02-14T20:41:21","slug":"kadzidelka-patyczkowe-raj-zapach-cytrynowy","status":"publish","type":"product","link":"https:\/\/izoteryk.pl\/?product=kadzidelka-patyczkowe-raj-zapach-cytrynowy","title":{"rendered":"Kadzide\u0142ka patyczkowe RAJ &#8211; zapach: cytrynowy"},"content":{"rendered":"<p>Kadzide\u0142ka patyczkowe 0 zapachu cytryny<\/p>\n<p>Cytryna pi\u0119knie od\u015bwie\u017ca i oczyszcza, wprowadza zasta\u0142e energie w ruch.<\/p>\n<p>Uwaga!: Przy paleniu kadzide\u0142ek nale\u017cy zachowa\u0107 ostro\u017cno\u015b\u0107 \u2013 zadba\u0107 o odpowiedni\u0105 cyrkulacj\u0119 powietrza, pali\u0107 je w przeznaczonych do tego podstawkach, nie stawia\u0107 przy oknie, nie zostawia\u0107 zapalonego kadzide\u0142ka bez dozoru, chroni\u0107 przed dzie\u0107mi i zwierz\u0119tami.<\/p>\n<p>&nbsp;<\/p>\n","protected":false},"excerpt":{"rendered":"<p>SPECYFIKACJA:<\/p>\n<ul>\n<li>Stan: nowy<\/li>\n<li>Zapach: Cytryna<\/li>\n<li>Ilo\u015b\u0107 w opakowaniu: 8 szt.<\/li>\n<\/ul>\n","protected":false},"featured_media":5917,"comment_status":"open","ping_status":"closed","template":"","meta":[],"product_brand":[420],"product_cat":[107,116,238,177,189,137,148,416,160,84,161],"product_tag":[425],"class_list":{"0":"post-5916","1":"product","2":"type-product","3":"status-publish","4":"has-post-thumbnail","6":"product_brand-raj","7":"product_cat-ochrona","8":"product_cat-oczyszczanie","9":"product_cat-patyczkowe","10":"product_cat-radosc","11":"product_cat-sila-przebicia","12":"product_cat-sukces","13":"product_cat-akcesoria-magiczne","14":"product_cat-cytryna","15":"product_cat-kadzidelka","16":"product_cat-sklep-ezoteryczny","17":"product_cat-zapachy","18":"product_tag-sklep-z-kadzidelkami","20":"first","21":"instock","22":"shipping-taxable","23":"purchasable","24":"product-type-simple"},"_links":{"self":[{"href":"https:\/\/izoteryk.pl\/index.php?rest_route=\/wp\/v2\/product\/5916","targetHints":{"allow":["GET"]}}],"collection":[{"href":"https:\/\/izoteryk.pl\/index.php?rest_route=\/wp\/v2\/product"}],"about":[{"href":"https:\/\/izoteryk.pl\/index.php?rest_route=\/wp\/v2\/types\/product"}],"replies":[{"embeddable":true,"href":"https:\/\/izoteryk.pl\/index.php?rest_route=%2Fwp%2Fv2%2Fcomments&post=5916"}],"wp:featuredmedia":[{"embeddable":true,"href":"https:\/\/izoteryk.pl\/index.php?rest_route=\/wp\/v2\/media\/5917"}],"wp:attachment":[{"href":"https:\/\/izoteryk.pl\/index.php?rest_route=%2Fwp%2Fv2%2Fmedia&parent=5916"}],"wp:term":[{"taxonomy":"product_brand","embeddable":true,"href":"https:\/\/izoteryk.pl\/index.php?rest_route=%2Fwp%2Fv2%2Fproduct_brand&post=5916"},{"taxonomy":"product_cat","embeddable":true,"href":"https:\/\/izoteryk.pl\/index.php?rest_route=%2Fwp%2Fv2%2Fproduct_cat&post=5916"},{"taxonomy":"product_tag","embeddable":true,"href":"https:\/\/izoteryk.pl\/index.php?rest_route=%2Fwp%2Fv2%2Fproduct_tag&post=5916"}],"curies":[{"name":"wp","href":"https:\/\/api.w.org\/{rel}","templated":true}]}}