{"id":5871,"date":"2024-08-13T13:01:31","date_gmt":"2024-08-13T11:01:31","guid":{"rendered":"https:\/\/izoteryk.pl\/?post_type=product&#038;p=5871"},"modified":"2026-02-14T21:48:27","modified_gmt":"2026-02-14T20:48:27","slug":"kadzidelka-patyczkowe-7-czakr","status":"publish","type":"product","link":"https:\/\/izoteryk.pl\/?product=kadzidelka-patyczkowe-7-czakr","title":{"rendered":"Kadzide\u0142ka patyczkowe SAC &#8211; 7 czakr"},"content":{"rendered":"<p>7 paczek kadzide\u0142ek (po 5 patyczk\u00f3w dla ka\u017cdej czakry) zapakowanych do jednego pude\u0142ka.<\/p>\n<p>Uwaga!: Przy paleniu kadzide\u0142ek nale\u017cy zachowa\u0107 ostro\u017cno\u015b\u0107 \u2013 zadba\u0107 o odpowiedni\u0105 cyrkulacj\u0119 powietrza, pali\u0107 je w przeznaczonych do tego podstawkach, nie stawia\u0107 przy oknie, nie zostawia\u0107 zapalonego kadzide\u0142ka bez dozoru, chroni\u0107 przed dzie\u0107mi i zwierz\u0119tami.<\/p>\n","protected":false},"excerpt":{"rendered":"<p>SPECYFIKACJA:<\/p>\n<ul>\n<li>Stan: nowy<\/li>\n<li>Marka: SAC<\/li>\n<li>Zapach: 7 r\u00f3\u017cnych zapach\u00f3w<\/li>\n<li>D\u0142ugo\u015b\u0107 opakowania: 22,5 cm<\/li>\n<li>D\u0142ugo\u015b\u0107 patyczk\u00f3w: 20,5 cm<\/li>\n<li>Ilo\u015b\u0107 sztuk w opakowaniu: 7 paczek po 5 patyczk\u00f3w &#8211; razem 35 pa\u0142eczek<\/li>\n<\/ul>\n","protected":false},"featured_media":5872,"comment_status":"open","ping_status":"closed","template":"","meta":[],"product_brand":[],"product_cat":[124,116,238,148,160,84,161],"product_tag":[425],"class_list":{"0":"post-5871","1":"product","2":"type-product","3":"status-publish","4":"has-post-thumbnail","6":"product_cat-harmonia","7":"product_cat-oczyszczanie","8":"product_cat-patyczkowe","9":"product_cat-akcesoria-magiczne","10":"product_cat-kadzidelka","11":"product_cat-sklep-ezoteryczny","12":"product_cat-zapachy","13":"product_tag-sklep-z-kadzidelkami","15":"first","16":"instock","17":"shipping-taxable","18":"purchasable","19":"product-type-simple"},"_links":{"self":[{"href":"https:\/\/izoteryk.pl\/index.php?rest_route=\/wp\/v2\/product\/5871","targetHints":{"allow":["GET"]}}],"collection":[{"href":"https:\/\/izoteryk.pl\/index.php?rest_route=\/wp\/v2\/product"}],"about":[{"href":"https:\/\/izoteryk.pl\/index.php?rest_route=\/wp\/v2\/types\/product"}],"replies":[{"embeddable":true,"href":"https:\/\/izoteryk.pl\/index.php?rest_route=%2Fwp%2Fv2%2Fcomments&post=5871"}],"wp:featuredmedia":[{"embeddable":true,"href":"https:\/\/izoteryk.pl\/index.php?rest_route=\/wp\/v2\/media\/5872"}],"wp:attachment":[{"href":"https:\/\/izoteryk.pl\/index.php?rest_route=%2Fwp%2Fv2%2Fmedia&parent=5871"}],"wp:term":[{"taxonomy":"product_brand","embeddable":true,"href":"https:\/\/izoteryk.pl\/index.php?rest_route=%2Fwp%2Fv2%2Fproduct_brand&post=5871"},{"taxonomy":"product_cat","embeddable":true,"href":"https:\/\/izoteryk.pl\/index.php?rest_route=%2Fwp%2Fv2%2Fproduct_cat&post=5871"},{"taxonomy":"product_tag","embeddable":true,"href":"https:\/\/izoteryk.pl\/index.php?rest_route=%2Fwp%2Fv2%2Fproduct_tag&post=5871"}],"curies":[{"name":"wp","href":"https:\/\/api.w.org\/{rel}","templated":true}]}}