{"id":5791,"date":"2024-08-05T18:00:50","date_gmt":"2024-08-05T16:00:50","guid":{"rendered":"https:\/\/izoteryk.pl\/?post_type=product&#038;p=5791"},"modified":"2026-01-28T17:10:56","modified_gmt":"2026-01-28T16:10:56","slug":"podstawka-pod-kadzidelko-drewniana-narta-ozdobna-slonik","status":"publish","type":"product","link":"https:\/\/izoteryk.pl\/?product=podstawka-pod-kadzidelko-drewniana-narta-ozdobna-slonik","title":{"rendered":"Podstawka pod kadzide\u0142ko &#8211; drewniana narta ozdobna &#8211; s\u0142onik"},"content":{"rendered":"<p>Drewniana podstawka pod kadzide\u0142ko typu narta &#8211; wykonana z drzewa sanda\u0142owego z wy\u017c\u0142obionym korytkiem na popi\u00f3\u0142 i z dziurk\u0105 na kadzide\u0142ko patyczkowe &#8211; ozdobiona s\u0142onikiem koloru bia\u0142ego i ciekawymi egzotycznymi wzorami.<\/p>\n<p>S\u0142o\u0144 z uniesion\u0105 tr\u0105b\u0105 jest symbolem szcz\u0119\u015bcia \ud83d\ude42<\/p>\n<p>&nbsp;<\/p>\n<p>&nbsp;<\/p>\n","protected":false},"excerpt":{"rendered":"<p>SPECYFIKACJA:<\/p>\n<ul>\n<li>Stan: Nowy<\/li>\n<li>Materia\u0142: drewno, metal<\/li>\n<li>Kolor: br\u0105zowy, bia\u0142y<\/li>\n<li>D\u0142ugo\u015b\u0107: ok 25cm<\/li>\n<li>Szeroko\u015b\u0107: ok 36mm<\/li>\n<\/ul>\n","protected":false},"featured_media":5792,"comment_status":"open","ping_status":"closed","template":"","meta":[],"product_brand":[],"product_cat":[100,94,148,91,273,155,84,156,108],"product_tag":[425],"class_list":{"0":"post-5791","1":"product","2":"type-product","3":"status-publish","4":"has-post-thumbnail","6":"product_cat-bialy","7":"product_cat-brazowy","8":"product_cat-akcesoria-magiczne","9":"product_cat-kolor","10":"product_cat-kominki-i-podstawki","11":"product_cat-podstawki-do-kadzidelek","12":"product_cat-sklep-ezoteryczny","13":"product_cat-slonik","14":"product_cat-symbole","15":"product_tag-sklep-z-kadzidelkami","17":"first","18":"instock","19":"shipping-taxable","20":"purchasable","21":"product-type-simple"},"_links":{"self":[{"href":"https:\/\/izoteryk.pl\/index.php?rest_route=\/wp\/v2\/product\/5791","targetHints":{"allow":["GET"]}}],"collection":[{"href":"https:\/\/izoteryk.pl\/index.php?rest_route=\/wp\/v2\/product"}],"about":[{"href":"https:\/\/izoteryk.pl\/index.php?rest_route=\/wp\/v2\/types\/product"}],"replies":[{"embeddable":true,"href":"https:\/\/izoteryk.pl\/index.php?rest_route=%2Fwp%2Fv2%2Fcomments&post=5791"}],"wp:featuredmedia":[{"embeddable":true,"href":"https:\/\/izoteryk.pl\/index.php?rest_route=\/wp\/v2\/media\/5792"}],"wp:attachment":[{"href":"https:\/\/izoteryk.pl\/index.php?rest_route=%2Fwp%2Fv2%2Fmedia&parent=5791"}],"wp:term":[{"taxonomy":"product_brand","embeddable":true,"href":"https:\/\/izoteryk.pl\/index.php?rest_route=%2Fwp%2Fv2%2Fproduct_brand&post=5791"},{"taxonomy":"product_cat","embeddable":true,"href":"https:\/\/izoteryk.pl\/index.php?rest_route=%2Fwp%2Fv2%2Fproduct_cat&post=5791"},{"taxonomy":"product_tag","embeddable":true,"href":"https:\/\/izoteryk.pl\/index.php?rest_route=%2Fwp%2Fv2%2Fproduct_tag&post=5791"}],"curies":[{"name":"wp","href":"https:\/\/api.w.org\/{rel}","templated":true}]}}