{"id":5788,"date":"2024-08-05T16:52:19","date_gmt":"2024-08-05T14:52:19","guid":{"rendered":"https:\/\/izoteryk.pl\/?post_type=product&#038;p=5788"},"modified":"2026-02-06T14:41:56","modified_gmt":"2026-02-06T13:41:56","slug":"podstawka-pod-kadzidelko-drewniana-narta-slonik-2","status":"publish","type":"product","link":"https:\/\/izoteryk.pl\/?product=podstawka-pod-kadzidelko-drewniana-narta-slonik-2","title":{"rendered":"Podstawka pod kadzide\u0142ko &#8211; drewniana narta &#8211; s\u0142onik"},"content":{"rendered":"<p>Drewniana podstawka pod kadzide\u0142ko typu narta &#8211; wykonana z drzewa sanda\u0142owego z wy\u017c\u0142obionym korytkiem na popi\u00f3\u0142 i z dziurk\u0105 na kadzide\u0142ko patyczkowe &#8211; ozdobiona metalowym s\u0142onikiem koloru z\u0142otego.<\/p>\n<p>S\u0142o\u0144 z uniesion\u0105 tr\u0105b\u0105 jest symbolem szcz\u0119\u015bcia \ud83d\ude42<\/p>\n<p>Oferta dotyczy samej podstawki (1 szt.) &#8211; bez kadzide\u0142ka<\/p>\n<p>&nbsp;<\/p>\n","protected":false},"excerpt":{"rendered":"<p>SPECYFIKACJA:<\/p>\n<ul>\n<li>Stan: Nowy<\/li>\n<li>Materia\u0142: drewno, metal<\/li>\n<li>Kolor: br\u0105zowy:<\/li>\n<li>D\u0142ugo\u015b\u0107: ok 25cm<\/li>\n<li>Szeroko\u015b\u0107: ok 36mm<\/li>\n<\/ul>\n","protected":false},"featured_media":5789,"comment_status":"open","ping_status":"closed","template":"","meta":[],"product_brand":[],"product_cat":[94,148,273,155,84,156,108],"product_tag":[425],"class_list":{"0":"post-5788","1":"product","2":"type-product","3":"status-publish","4":"has-post-thumbnail","6":"product_cat-brazowy","7":"product_cat-akcesoria-magiczne","8":"product_cat-kominki-i-podstawki","9":"product_cat-podstawki-do-kadzidelek","10":"product_cat-sklep-ezoteryczny","11":"product_cat-slonik","12":"product_cat-symbole","13":"product_tag-sklep-z-kadzidelkami","15":"first","16":"instock","17":"shipping-taxable","18":"purchasable","19":"product-type-simple"},"_links":{"self":[{"href":"https:\/\/izoteryk.pl\/index.php?rest_route=\/wp\/v2\/product\/5788","targetHints":{"allow":["GET"]}}],"collection":[{"href":"https:\/\/izoteryk.pl\/index.php?rest_route=\/wp\/v2\/product"}],"about":[{"href":"https:\/\/izoteryk.pl\/index.php?rest_route=\/wp\/v2\/types\/product"}],"replies":[{"embeddable":true,"href":"https:\/\/izoteryk.pl\/index.php?rest_route=%2Fwp%2Fv2%2Fcomments&post=5788"}],"wp:featuredmedia":[{"embeddable":true,"href":"https:\/\/izoteryk.pl\/index.php?rest_route=\/wp\/v2\/media\/5789"}],"wp:attachment":[{"href":"https:\/\/izoteryk.pl\/index.php?rest_route=%2Fwp%2Fv2%2Fmedia&parent=5788"}],"wp:term":[{"taxonomy":"product_brand","embeddable":true,"href":"https:\/\/izoteryk.pl\/index.php?rest_route=%2Fwp%2Fv2%2Fproduct_brand&post=5788"},{"taxonomy":"product_cat","embeddable":true,"href":"https:\/\/izoteryk.pl\/index.php?rest_route=%2Fwp%2Fv2%2Fproduct_cat&post=5788"},{"taxonomy":"product_tag","embeddable":true,"href":"https:\/\/izoteryk.pl\/index.php?rest_route=%2Fwp%2Fv2%2Fproduct_tag&post=5788"}],"curies":[{"name":"wp","href":"https:\/\/api.w.org\/{rel}","templated":true}]}}