{"id":5786,"date":"2024-08-05T15:45:36","date_gmt":"2024-08-05T13:45:36","guid":{"rendered":"https:\/\/izoteryk.pl\/?post_type=product&#038;p=5786"},"modified":"2026-01-28T17:10:56","modified_gmt":"2026-01-28T16:10:56","slug":"tacka-lustrzana-prostokatna","status":"publish","type":"product","link":"https:\/\/izoteryk.pl\/?product=tacka-lustrzana-prostokatna","title":{"rendered":"Tacka lustrzana &#8211; prostok\u0105tna"},"content":{"rendered":"<p>Ma\u0142a taca lustrzana z metalowym, ozdobnym, \u017cakardowym obramowaniem.<\/p>\n<p>Tack\u0119 mo\u017cna wykorzysta\u0107 na r\u00f3\u017cne sposoby &#8211; mo\u017ce s\u0142u\u017cy\u0107 jako \u015bwiecznik &#8211; podstawka na grube \u015bwiece np. walcowe &#8211; lustro b\u0119dzie wtedy pi\u0119knie odbija\u0142o \u015bwiat\u0142o.<\/p>\n<p>Mo\u017cna te\u017c wykorzysta\u0107 w spos\u00f3b magiczny wk\u0142adaj\u0105c do niej przedmioty, kt\u00f3re chcemy chroni\u0107 lub pomna\u017ca\u0107 &#8211; np. monety, banknoty lub z\u0142oto.<\/p>\n<p>W\u0142a\u015bciwo\u015bci magiczne lustra to ochrona, odsy\u0142anie urok\u00f3w lub pomna\u017canie.<\/p>\n","protected":false},"excerpt":{"rendered":"<p>SPECYFIKACJA:<\/p>\n<ul>\n<li>Stan: nowe<\/li>\n<li>Materia\u0142: metal, szk\u0142o<\/li>\n<li>Wymiary bez uszu 10&#215;15 cm<\/li>\n<li>Wysoko\u015b\u0107 obramowania (bez uszu): ok. 3 cm<\/li>\n<\/ul>\n","protected":false},"featured_media":5787,"comment_status":"open","ping_status":"closed","template":"","meta":[],"product_brand":[],"product_cat":[113,92,204,107,148,34,91,273,319,84,224,42,371],"product_tag":[],"class_list":{"0":"post-5786","1":"product","2":"type-product","3":"status-publish","4":"has-post-thumbnail","6":"product_cat-bogactwo","7":"product_cat-czarny-kolor","8":"product_cat-obfitosc","9":"product_cat-ochrona","10":"product_cat-akcesoria-magiczne","11":"product_cat-amulety-i-talizmany","12":"product_cat-kolor","13":"product_cat-kominki-i-podstawki","14":"product_cat-podkladki","15":"product_cat-sklep-ezoteryczny","16":"product_cat-swieczniki","17":"product_cat-z-metalu","18":"product_cat-ze-szkla","19":"product_shipping_class-rozmiar-l","21":"first","22":"instock","23":"shipping-taxable","24":"purchasable","25":"product-type-simple"},"_links":{"self":[{"href":"https:\/\/izoteryk.pl\/index.php?rest_route=\/wp\/v2\/product\/5786","targetHints":{"allow":["GET"]}}],"collection":[{"href":"https:\/\/izoteryk.pl\/index.php?rest_route=\/wp\/v2\/product"}],"about":[{"href":"https:\/\/izoteryk.pl\/index.php?rest_route=\/wp\/v2\/types\/product"}],"replies":[{"embeddable":true,"href":"https:\/\/izoteryk.pl\/index.php?rest_route=%2Fwp%2Fv2%2Fcomments&post=5786"}],"wp:featuredmedia":[{"embeddable":true,"href":"https:\/\/izoteryk.pl\/index.php?rest_route=\/wp\/v2\/media\/5787"}],"wp:attachment":[{"href":"https:\/\/izoteryk.pl\/index.php?rest_route=%2Fwp%2Fv2%2Fmedia&parent=5786"}],"wp:term":[{"taxonomy":"product_brand","embeddable":true,"href":"https:\/\/izoteryk.pl\/index.php?rest_route=%2Fwp%2Fv2%2Fproduct_brand&post=5786"},{"taxonomy":"product_cat","embeddable":true,"href":"https:\/\/izoteryk.pl\/index.php?rest_route=%2Fwp%2Fv2%2Fproduct_cat&post=5786"},{"taxonomy":"product_tag","embeddable":true,"href":"https:\/\/izoteryk.pl\/index.php?rest_route=%2Fwp%2Fv2%2Fproduct_tag&post=5786"}],"curies":[{"name":"wp","href":"https:\/\/api.w.org\/{rel}","templated":true}]}}