{"id":5757,"date":"2024-08-01T20:15:22","date_gmt":"2024-08-01T18:15:22","guid":{"rendered":"https:\/\/izoteryk.pl\/?post_type=product&#038;p=5757"},"modified":"2026-01-28T17:10:56","modified_gmt":"2026-01-28T16:10:56","slug":"czakry-7-dniowa-praktyka-uzdrawiania-energia","status":"publish","type":"product","link":"https:\/\/izoteryk.pl\/?product=czakry-7-dniowa-praktyka-uzdrawiania-energia","title":{"rendered":"CZAKRY 7-dniowa praktyka uzdrawiania energi\u0105"},"content":{"rendered":"<p>,, Jak odblokowa\u0107 i oczy\u015bci\u0107 czakry &#8211; pot\u0119\u017cne centra energetyczne w twoim ciele? Jakie \u0107wiczenia, pozycje jogi, afirmacje i medytacje stosowa\u0107 w kolejnych dniach tygodnia?<\/p>\n<p>Ta ksi\u0105\u017cka dostarczy ci odpowiedzi, kt\u00f3rych szukasz.&#8221;<\/p>\n<p>&nbsp;<\/p>\n","protected":false},"excerpt":{"rendered":"<p>SPECYFIKACJA:<\/p>\n<ul>\n<li>Stan: nowe<\/li>\n<li>No\u015bnik: ksi\u0105\u017cka papierowa<\/li>\n<li>Ok\u0142adka: mi\u0119kka<\/li>\n<li>Wydawnictwo: Studio Astropsychologii<\/li>\n<li>Wydanie: pierwsze<\/li>\n<li>Rok wydania: 2022<\/li>\n<li>Wymiary: 20,5&#215;14,6cm<\/li>\n<li>Liczba stron: 204<\/li>\n<li>Tematyka: Czakry, uzdrawianie energi\u0105<\/li>\n<\/ul>\n","protected":false},"featured_media":5758,"comment_status":"open","ping_status":"closed","template":"","meta":[],"product_brand":[],"product_cat":[355,281,84],"product_tag":[],"class_list":{"0":"post-5757","1":"product","2":"type-product","3":"status-publish","4":"has-post-thumbnail","6":"product_cat-czakry","7":"product_cat-ksiazki","8":"product_cat-sklep-ezoteryczny","10":"first","11":"instock","12":"shipping-taxable","13":"purchasable","14":"product-type-simple"},"_links":{"self":[{"href":"https:\/\/izoteryk.pl\/index.php?rest_route=\/wp\/v2\/product\/5757","targetHints":{"allow":["GET"]}}],"collection":[{"href":"https:\/\/izoteryk.pl\/index.php?rest_route=\/wp\/v2\/product"}],"about":[{"href":"https:\/\/izoteryk.pl\/index.php?rest_route=\/wp\/v2\/types\/product"}],"replies":[{"embeddable":true,"href":"https:\/\/izoteryk.pl\/index.php?rest_route=%2Fwp%2Fv2%2Fcomments&post=5757"}],"wp:featuredmedia":[{"embeddable":true,"href":"https:\/\/izoteryk.pl\/index.php?rest_route=\/wp\/v2\/media\/5758"}],"wp:attachment":[{"href":"https:\/\/izoteryk.pl\/index.php?rest_route=%2Fwp%2Fv2%2Fmedia&parent=5757"}],"wp:term":[{"taxonomy":"product_brand","embeddable":true,"href":"https:\/\/izoteryk.pl\/index.php?rest_route=%2Fwp%2Fv2%2Fproduct_brand&post=5757"},{"taxonomy":"product_cat","embeddable":true,"href":"https:\/\/izoteryk.pl\/index.php?rest_route=%2Fwp%2Fv2%2Fproduct_cat&post=5757"},{"taxonomy":"product_tag","embeddable":true,"href":"https:\/\/izoteryk.pl\/index.php?rest_route=%2Fwp%2Fv2%2Fproduct_tag&post=5757"}],"curies":[{"name":"wp","href":"https:\/\/api.w.org\/{rel}","templated":true}]}}