{"id":5750,"date":"2024-08-01T12:34:12","date_gmt":"2024-08-01T10:34:12","guid":{"rendered":"https:\/\/izoteryk.pl\/?post_type=product&#038;p=5750"},"modified":"2026-01-28T17:15:51","modified_gmt":"2026-01-28T16:15:51","slug":"kamienna-podstawka-do-kadzidelek-ankh","status":"publish","type":"product","link":"https:\/\/izoteryk.pl\/?product=kamienna-podstawka-do-kadzidelek-ankh","title":{"rendered":"Ankh &#8211; kamienna podstawka do kadzide\u0142ek &#8211; \u015br. 10cm"},"content":{"rendered":"<p>Kamienna podstawka koloru czarnego ozdobiona du\u017cym, dobrze widocznym krzy\u017cem egipskim &#8211; na jedno kadzide\u0142ko pa\u0142eczkowe i dwa sto\u017ckowe &#8211; \u015brednica podstawki to 10cm<\/p>\n<p>Ankh inaczej nazywany krzy\u017cem egipskim to symbol wywodz\u0105cy si\u0119 ze Staro\u017cytnego Egiptu i jest zwi\u0105zany z dobroczynnym dzia\u0142aniem promieni s\u0142onecznych.<\/p>\n","protected":false},"excerpt":{"rendered":"<p>SPECYFIKACJA:<\/p>\n<ul>\n<li>Stan: nowe<\/li>\n<li>\u015arednica: 10cm<\/li>\n<li>Kamie\u0144: Steatyt<\/li>\n<\/ul>\n","protected":false},"featured_media":5751,"comment_status":"open","ping_status":"closed","template":"","meta":[],"product_brand":[],"product_cat":[113,92,124,204,107,131,177,114,381,232,223,190,137,201,117,112,148,34,229,87,91,273,84,359,108,83],"product_tag":[425],"class_list":{"0":"post-5750","1":"product","2":"type-product","3":"status-publish","4":"has-post-thumbnail","6":"product_cat-bogactwo","7":"product_cat-czarny-kolor","8":"product_cat-harmonia","9":"product_cat-obfitosc","10":"product_cat-ochrona","11":"product_cat-opatrznosc","12":"product_cat-radosc","13":"product_cat-rownowaga","14":"product_cat-samodzielnosc","15":"product_cat-sila","16":"product_cat-spelnienie-zyczen","17":"product_cat-spokoj","18":"product_cat-sukces","19":"product_cat-szczescie","20":"product_cat-uniwersalna-moc","21":"product_cat-zdrowie","22":"product_cat-akcesoria-magiczne","23":"product_cat-amulety-i-talizmany","24":"product_cat-ankh","25":"product_cat-kamien","26":"product_cat-kolor","27":"product_cat-kominki-i-podstawki","28":"product_cat-sklep-ezoteryczny","29":"product_cat-steatyt","30":"product_cat-symbole","31":"product_cat-z-kamienia-amulety-i-talizmany","32":"product_tag-sklep-z-kadzidelkami","34":"first","35":"instock","36":"shipping-taxable","37":"purchasable","38":"product-type-simple"},"_links":{"self":[{"href":"https:\/\/izoteryk.pl\/index.php?rest_route=\/wp\/v2\/product\/5750","targetHints":{"allow":["GET"]}}],"collection":[{"href":"https:\/\/izoteryk.pl\/index.php?rest_route=\/wp\/v2\/product"}],"about":[{"href":"https:\/\/izoteryk.pl\/index.php?rest_route=\/wp\/v2\/types\/product"}],"replies":[{"embeddable":true,"href":"https:\/\/izoteryk.pl\/index.php?rest_route=%2Fwp%2Fv2%2Fcomments&post=5750"}],"wp:featuredmedia":[{"embeddable":true,"href":"https:\/\/izoteryk.pl\/index.php?rest_route=\/wp\/v2\/media\/5751"}],"wp:attachment":[{"href":"https:\/\/izoteryk.pl\/index.php?rest_route=%2Fwp%2Fv2%2Fmedia&parent=5750"}],"wp:term":[{"taxonomy":"product_brand","embeddable":true,"href":"https:\/\/izoteryk.pl\/index.php?rest_route=%2Fwp%2Fv2%2Fproduct_brand&post=5750"},{"taxonomy":"product_cat","embeddable":true,"href":"https:\/\/izoteryk.pl\/index.php?rest_route=%2Fwp%2Fv2%2Fproduct_cat&post=5750"},{"taxonomy":"product_tag","embeddable":true,"href":"https:\/\/izoteryk.pl\/index.php?rest_route=%2Fwp%2Fv2%2Fproduct_tag&post=5750"}],"curies":[{"name":"wp","href":"https:\/\/api.w.org\/{rel}","templated":true}]}}