{"id":5719,"date":"2024-07-23T23:03:49","date_gmt":"2024-07-23T21:03:49","guid":{"rendered":"https:\/\/izoteryk.pl\/?post_type=product&#038;p=5719"},"modified":"2026-01-28T17:15:51","modified_gmt":"2026-01-28T16:15:51","slug":"woreczek-z-organzy-czarny-w-zlote-wzory-wymiary-75x50mm","status":"publish","type":"product","link":"https:\/\/izoteryk.pl\/?product=woreczek-z-organzy-czarny-w-zlote-wzory-wymiary-75x50mm","title":{"rendered":"Woreczek z organzy &#8211; czarny w z\u0142ote wzory &#8211; wymiary: 75x50mm"},"content":{"rendered":"<p>\u015aliczny, ma\u0142y woreczek z organzy w kolorze czarnym w z\u0142ote wzory ze sznureczkami w kolorze z\u0142otym &#8211; uroczy.<\/p>\n<p>Woreczek mo\u017ce s\u0142u\u017cy\u0107 do przechowywania wahade\u0142ka, kamieni, bi\u017cuterii i innych magicznych drobiazg\u00f3w.<\/p>\n<p>Oferta dotyczy 1 szt.<\/p>\n","protected":false},"excerpt":{"rendered":"<p>SPECYFIKACJA:<\/p>\n<ul>\n<li>Stan: Nowy<\/li>\n<li>Materia\u0142: organza<\/li>\n<li>Kolor: czarny w z\u0142ote wzory<\/li>\n<li>Wymiary: <b>75x50mm<\/b><\/li>\n<\/ul>\n","protected":false},"featured_media":5720,"comment_status":"open","ping_status":"closed","template":"","meta":[],"product_brand":[],"product_cat":[92,105,148,91,84,158],"product_tag":[],"class_list":{"0":"post-5719","1":"product","2":"type-product","3":"status-publish","4":"has-post-thumbnail","6":"product_cat-czarny-kolor","7":"product_cat-zloty","8":"product_cat-akcesoria-magiczne","9":"product_cat-kolor","10":"product_cat-sklep-ezoteryczny","11":"product_cat-woreczki","13":"first","14":"instock","15":"shipping-taxable","16":"purchasable","17":"product-type-simple"},"_links":{"self":[{"href":"https:\/\/izoteryk.pl\/index.php?rest_route=\/wp\/v2\/product\/5719","targetHints":{"allow":["GET"]}}],"collection":[{"href":"https:\/\/izoteryk.pl\/index.php?rest_route=\/wp\/v2\/product"}],"about":[{"href":"https:\/\/izoteryk.pl\/index.php?rest_route=\/wp\/v2\/types\/product"}],"replies":[{"embeddable":true,"href":"https:\/\/izoteryk.pl\/index.php?rest_route=%2Fwp%2Fv2%2Fcomments&post=5719"}],"wp:featuredmedia":[{"embeddable":true,"href":"https:\/\/izoteryk.pl\/index.php?rest_route=\/wp\/v2\/media\/5720"}],"wp:attachment":[{"href":"https:\/\/izoteryk.pl\/index.php?rest_route=%2Fwp%2Fv2%2Fmedia&parent=5719"}],"wp:term":[{"taxonomy":"product_brand","embeddable":true,"href":"https:\/\/izoteryk.pl\/index.php?rest_route=%2Fwp%2Fv2%2Fproduct_brand&post=5719"},{"taxonomy":"product_cat","embeddable":true,"href":"https:\/\/izoteryk.pl\/index.php?rest_route=%2Fwp%2Fv2%2Fproduct_cat&post=5719"},{"taxonomy":"product_tag","embeddable":true,"href":"https:\/\/izoteryk.pl\/index.php?rest_route=%2Fwp%2Fv2%2Fproduct_tag&post=5719"}],"curies":[{"name":"wp","href":"https:\/\/api.w.org\/{rel}","templated":true}]}}