{"id":5658,"date":"2024-07-06T14:39:47","date_gmt":"2024-07-06T12:39:47","guid":{"rendered":"https:\/\/izoteryk.pl\/?post_type=product&#038;p=5658"},"modified":"2026-01-28T17:15:52","modified_gmt":"2026-01-28T16:15:52","slug":"bransoletka-z-kamienia-meska-srednica-kulek-8mm-4","status":"publish","type":"product","link":"https:\/\/izoteryk.pl\/?product=bransoletka-z-kamienia-meska-srednica-kulek-8mm-4","title":{"rendered":"Bransoletka z kamienia &#8211; m\u0119ska &#8211; \u015brednica kulek 8mm"},"content":{"rendered":"<p>Bransoletka z kamienia &#8211; jaspis picasso, jaspis afryka\u0144ski, lawa i hematyt<\/p>\n<p>&nbsp;<\/p>\n<p>Jaspis picasso to kamie\u0144 maj\u0105cy pozytywny wp\u0142yw na relacje mi\u0119dzyludzkie \u2013 uspokaja i r\u00f3wnowa\u017cy, za\u017cegnuje k\u0142\u00f3tnie i konflikty.<\/p>\n<p>Jaspis afryka\u0144ski &#8211; oczyszcza i chroni, wzmacnia cierpliwo\u015b\u0107 i bezinteresowno\u015b\u0107, pomaga rozwija\u0107 si\u0119 duchowo<\/p>\n<p>Lawa wulkaniczna to kamie\u0144 r\u00f3wnowagi \u2013 zawiera w sobie wszystkie cztery \u017cywio\u0142y, dodatkowo zamienia negatywn\u0105 energi\u0119 w pozytywn\u0105<\/p>\n<p>Hematyt kojarzony jest z ochron\u0105 i walk\u0105, a tak\u017ce z krwi\u0105, dlatego mo\u017ce dobrze wp\u0142ywa\u0107 na uk\u0142ad krwiono\u015bny, poza tym jest kamieniem oczyszczaj\u0105cym. Dawniej wojownicy nosili go podczas bitew \u2013 wierzyli, \u017ce doda im odwagi, b\u0119dzie ich chroni\u0142 i wspomaga\u0142 podczas walki.<\/p>\n<p>&nbsp;<\/p>\n<p>&nbsp;<\/p>\n<p>&nbsp;<\/p>\n","protected":false},"excerpt":{"rendered":"<p>SPECYFIKACJA:<\/p>\n<ul>\n<li>Stan: nowe<\/li>\n<li>Materia\u0142: kamie\u0144<\/li>\n<li>\u015arednica kulek: 8mm<\/li>\n<li>Kamie\u0144:\u00a0 jaspis picasso i afryka\u0144ski, lawa i hematyt<\/li>\n<\/ul>\n","protected":false},"featured_media":5659,"comment_status":"open","ping_status":"closed","template":"","meta":[],"product_brand":[],"product_cat":[398,92,136,124,191,107,116,233,114,232,190,240,397,34,86,82,135,97,87,91,103,396,391,84,83],"product_tag":[399,400],"class_list":{"0":"post-5658","1":"product","2":"type-product","3":"status-publish","4":"has-post-thumbnail","6":"product_cat-bezinteresownosc","7":"product_cat-czarny-kolor","8":"product_cat-grafitowy","9":"product_cat-harmonia","10":"product_cat-komunikacja","11":"product_cat-ochrona","12":"product_cat-oczyszczanie","13":"product_cat-odwaga","14":"product_cat-rownowaga","15":"product_cat-sila","16":"product_cat-spokoj","17":"product_cat-szary","18":"product_cat-afrykanski","19":"product_cat-amulety-i-talizmany","20":"product_cat-bizuteria","21":"product_cat-bransoletki","22":"product_cat-hematyt","23":"product_cat-jaspis","24":"product_cat-kamien","25":"product_cat-kolor","26":"product_cat-lawa-wulkaniczna","27":"product_cat-meska","28":"product_cat-picasso","29":"product_cat-sklep-ezoteryczny","30":"product_cat-z-kamienia-amulety-i-talizmany","31":"product_tag-bizuteria-dla-panow","32":"product_tag-bransoletka-meska","34":"first","35":"instock","36":"shipping-taxable","37":"purchasable","38":"product-type-simple"},"_links":{"self":[{"href":"https:\/\/izoteryk.pl\/index.php?rest_route=\/wp\/v2\/product\/5658","targetHints":{"allow":["GET"]}}],"collection":[{"href":"https:\/\/izoteryk.pl\/index.php?rest_route=\/wp\/v2\/product"}],"about":[{"href":"https:\/\/izoteryk.pl\/index.php?rest_route=\/wp\/v2\/types\/product"}],"replies":[{"embeddable":true,"href":"https:\/\/izoteryk.pl\/index.php?rest_route=%2Fwp%2Fv2%2Fcomments&post=5658"}],"wp:featuredmedia":[{"embeddable":true,"href":"https:\/\/izoteryk.pl\/index.php?rest_route=\/wp\/v2\/media\/5659"}],"wp:attachment":[{"href":"https:\/\/izoteryk.pl\/index.php?rest_route=%2Fwp%2Fv2%2Fmedia&parent=5658"}],"wp:term":[{"taxonomy":"product_brand","embeddable":true,"href":"https:\/\/izoteryk.pl\/index.php?rest_route=%2Fwp%2Fv2%2Fproduct_brand&post=5658"},{"taxonomy":"product_cat","embeddable":true,"href":"https:\/\/izoteryk.pl\/index.php?rest_route=%2Fwp%2Fv2%2Fproduct_cat&post=5658"},{"taxonomy":"product_tag","embeddable":true,"href":"https:\/\/izoteryk.pl\/index.php?rest_route=%2Fwp%2Fv2%2Fproduct_tag&post=5658"}],"curies":[{"name":"wp","href":"https:\/\/api.w.org\/{rel}","templated":true}]}}