{"id":5594,"date":"2024-06-26T01:04:32","date_gmt":"2024-06-25T23:04:32","guid":{"rendered":"https:\/\/izoteryk.pl\/?post_type=product&#038;p=5594"},"modified":"2026-01-28T17:24:41","modified_gmt":"2026-01-28T16:24:41","slug":"bransoletka-z-kamienia-malachit-znak-zodiaku-byk-srednica-kulek-8mm","status":"publish","type":"product","link":"https:\/\/izoteryk.pl\/?product=bransoletka-z-kamienia-malachit-znak-zodiaku-byk-srednica-kulek-8mm","title":{"rendered":"Bransoletka z kamienia &#8211; malachit &#8211; znak zodiaku: BYK &#8211; \u015brednica kulek 8mm"},"content":{"rendered":"<p>Bransoletka z kamienia &#8211; malachit dobarwiany jako kamie\u0144 g\u0142\u00f3wny i lawa prasowana jako kamie\u0144 dodatkowy &#8211; kulki 8mm, hematyt oraz metalowa zawieszka ze znakiem zodiaku BYK koloru srebrnego.<\/p>\n<p>&nbsp;<\/p>\n<p>&nbsp;<\/p>\n<p>&nbsp;<\/p>\n<p>&nbsp;<\/p>\n","protected":false},"excerpt":{"rendered":"<p>SPECYFIKACJA:<\/p>\n<ul>\n<li>Stan: nowe<\/li>\n<li>Produkcja: Iza Studio ART<\/li>\n<li>Materia\u0142: kamie\u0144, metal<\/li>\n<li>\u015arednica kulek: 8mm<\/li>\n<li>Kamie\u0144: malachit, lawa prasowana, hematyt<\/li>\n<\/ul>\n","protected":false},"featured_media":5595,"comment_status":"open","ping_status":"closed","template":"","meta":[],"product_brand":[],"product_cat":[92,176,136,107,116,233,232,106,211,34,208,86,82,135,87,91,103,393,84,83,42,209],"product_tag":[394],"class_list":{"0":"post-5594","1":"product","2":"type-product","3":"status-publish","4":"has-post-thumbnail","6":"product_cat-czarny-kolor","7":"product_cat-czerwony","8":"product_cat-grafitowy","9":"product_cat-ochrona","10":"product_cat-oczyszczanie","11":"product_cat-odwaga","12":"product_cat-sila","13":"product_cat-srebrny","14":"product_cat-02-byk","15":"product_cat-amulety-i-talizmany","16":"product_cat-astrologia","17":"product_cat-bizuteria","18":"product_cat-bransoletki","19":"product_cat-hematyt","20":"product_cat-kamien","21":"product_cat-kolor","22":"product_cat-lawa-wulkaniczna","23":"product_cat-malachit","24":"product_cat-sklep-ezoteryczny","25":"product_cat-z-kamienia-amulety-i-talizmany","26":"product_cat-z-metalu","27":"product_cat-znaki-zodiaku","28":"product_tag-bransoletki-damskie-zodiakalne-z-kamienia","30":"first","31":"instock","32":"shipping-taxable","33":"purchasable","34":"product-type-simple"},"_links":{"self":[{"href":"https:\/\/izoteryk.pl\/index.php?rest_route=\/wp\/v2\/product\/5594","targetHints":{"allow":["GET"]}}],"collection":[{"href":"https:\/\/izoteryk.pl\/index.php?rest_route=\/wp\/v2\/product"}],"about":[{"href":"https:\/\/izoteryk.pl\/index.php?rest_route=\/wp\/v2\/types\/product"}],"replies":[{"embeddable":true,"href":"https:\/\/izoteryk.pl\/index.php?rest_route=%2Fwp%2Fv2%2Fcomments&post=5594"}],"wp:featuredmedia":[{"embeddable":true,"href":"https:\/\/izoteryk.pl\/index.php?rest_route=\/wp\/v2\/media\/5595"}],"wp:attachment":[{"href":"https:\/\/izoteryk.pl\/index.php?rest_route=%2Fwp%2Fv2%2Fmedia&parent=5594"}],"wp:term":[{"taxonomy":"product_brand","embeddable":true,"href":"https:\/\/izoteryk.pl\/index.php?rest_route=%2Fwp%2Fv2%2Fproduct_brand&post=5594"},{"taxonomy":"product_cat","embeddable":true,"href":"https:\/\/izoteryk.pl\/index.php?rest_route=%2Fwp%2Fv2%2Fproduct_cat&post=5594"},{"taxonomy":"product_tag","embeddable":true,"href":"https:\/\/izoteryk.pl\/index.php?rest_route=%2Fwp%2Fv2%2Fproduct_tag&post=5594"}],"curies":[{"name":"wp","href":"https:\/\/api.w.org\/{rel}","templated":true}]}}