{"id":5450,"date":"2024-05-20T17:30:52","date_gmt":"2024-05-20T15:30:52","guid":{"rendered":"https:\/\/izoteryk.pl\/?post_type=product&#038;p=5450"},"modified":"2026-01-28T17:38:46","modified_gmt":"2026-01-28T16:38:46","slug":"bransoletka-z-kamienia-howlit-oko-proroka-srednica-kulek-6mm","status":"publish","type":"product","link":"https:\/\/izoteryk.pl\/?product=bransoletka-z-kamienia-howlit-oko-proroka-srednica-kulek-6mm","title":{"rendered":"Bransoletka z kamienia &#8211; howlit &#8211; oko proroka &#8211; \u015brednica kulek 6mm"},"content":{"rendered":"<p>Bransoletka z kamienia howlitu i ze szklanymi koralikami oko proroka.<\/p>\n<p>Howlit ma w\u0142a\u015bciwo\u015bci zwi\u0105zane z uspokojeniem my\u015bli i ze zr\u00f3wnowa\u017ceniem emocji, co wp\u0142ywa pozytywnie na rozbudzenie intuicji.<\/p>\n<p>Oko proroka to symbol szczeg\u00f3lnie popularny na bliskim wschodzie &#8211; u\u017cywa si\u0119 go jako amuletu ochronnego.<\/p>\n","protected":false},"excerpt":{"rendered":"<p>SPECYFIKACJA:<\/p>\n<ul>\n<li>Stan: nowe<\/li>\n<li>Marka: Iza Studio ART<\/li>\n<li>Materia\u0142: kamie\u0144, szk\u0142o<\/li>\n<li>\u015arednica koralik\u00f3w: 6mm<\/li>\n<li>Kamie\u0144: howlit<\/li>\n<\/ul>\n","protected":false},"featured_media":5451,"comment_status":"open","ping_status":"closed","template":"","meta":[],"product_brand":[],"product_cat":[98,100,196,372,124,133,107,370,114,327,201,34,86,82,315,87,91,369,84,108,83,371],"product_tag":[],"class_list":{"0":"post-5450","1":"product","2":"type-product","3":"status-publish","4":"has-post-thumbnail","6":"product_cat-bezowy","7":"product_cat-bialy","8":"product_cat-ecru","9":"product_cat-granatowy","10":"product_cat-harmonia","11":"product_cat-intuicja","12":"product_cat-ochrona","13":"product_cat-proroka","14":"product_cat-rownowaga","15":"product_cat-skupienie","16":"product_cat-szczescie","17":"product_cat-amulety-i-talizmany","18":"product_cat-bizuteria","19":"product_cat-bransoletki","20":"product_cat-howlit","21":"product_cat-kamien","22":"product_cat-kolor","23":"product_cat-oko","24":"product_cat-sklep-ezoteryczny","25":"product_cat-symbole","26":"product_cat-z-kamienia-amulety-i-talizmany","27":"product_cat-ze-szkla","29":"first","30":"instock","31":"shipping-taxable","32":"purchasable","33":"product-type-simple"},"_links":{"self":[{"href":"https:\/\/izoteryk.pl\/index.php?rest_route=\/wp\/v2\/product\/5450","targetHints":{"allow":["GET"]}}],"collection":[{"href":"https:\/\/izoteryk.pl\/index.php?rest_route=\/wp\/v2\/product"}],"about":[{"href":"https:\/\/izoteryk.pl\/index.php?rest_route=\/wp\/v2\/types\/product"}],"replies":[{"embeddable":true,"href":"https:\/\/izoteryk.pl\/index.php?rest_route=%2Fwp%2Fv2%2Fcomments&post=5450"}],"wp:featuredmedia":[{"embeddable":true,"href":"https:\/\/izoteryk.pl\/index.php?rest_route=\/wp\/v2\/media\/5451"}],"wp:attachment":[{"href":"https:\/\/izoteryk.pl\/index.php?rest_route=%2Fwp%2Fv2%2Fmedia&parent=5450"}],"wp:term":[{"taxonomy":"product_brand","embeddable":true,"href":"https:\/\/izoteryk.pl\/index.php?rest_route=%2Fwp%2Fv2%2Fproduct_brand&post=5450"},{"taxonomy":"product_cat","embeddable":true,"href":"https:\/\/izoteryk.pl\/index.php?rest_route=%2Fwp%2Fv2%2Fproduct_cat&post=5450"},{"taxonomy":"product_tag","embeddable":true,"href":"https:\/\/izoteryk.pl\/index.php?rest_route=%2Fwp%2Fv2%2Fproduct_tag&post=5450"}],"curies":[{"name":"wp","href":"https:\/\/api.w.org\/{rel}","templated":true}]}}