{"id":5448,"date":"2024-05-20T16:53:00","date_gmt":"2024-05-20T14:53:00","guid":{"rendered":"https:\/\/izoteryk.pl\/?post_type=product&#038;p=5448"},"modified":"2026-01-28T17:38:47","modified_gmt":"2026-01-28T16:38:47","slug":"bransoletka-z-kamienia-nefryt-bursztynowy-i-hematyt-kulki-8mm","status":"publish","type":"product","link":"https:\/\/izoteryk.pl\/?product=bransoletka-z-kamienia-nefryt-bursztynowy-i-hematyt-kulki-8mm","title":{"rendered":"Bransoletka z kamienia &#8211; nefryt bursztynowy i hematyt &#8211; kulki 8mm"},"content":{"rendered":"<p>Bransoletka wykonana z nefrytu bursztynowego i hematytu &#8211; na gumce jubilerskiej nitkowej.<\/p>\n<p>Nefryt od wiek\u00f3w uznawany jest za kamie\u0144 maj\u0105cy w\u0142a\u015bciwo\u015bci lecznicze \u2013 nosz\u0105c go przy ciele mo\u017cna wspomaga\u0107 si\u0119 jego cudownym dzia\u0142aniem \u2013 w przypadku chor\u00f3b i dolegliwo\u015bci nie mo\u017ce on jednak zast\u0119powa\u0107 w\u0142a\u015bciwej terapii.<\/p>\n<p>hematyt kojarzony jest z ochron\u0105 i walk\u0105, a tak\u017ce z krwi\u0105, dlatego niekt\u00f3rzy wierz\u0105, \u017ce mo\u017ce dobrze wp\u0142ywa\u0107 na uk\u0142ad krwiono\u015bny, poza tym jest kamieniem oczyszczaj\u0105cym. Dawniej wojownicy nosili go podczas bitew \u2013 wierzyli, \u017ce doda im odwagi, b\u0119dzie ich chroni\u0142 i wspomaga\u0142 podczas walki.<\/p>\n<p>Kolor \u017c\u00f3\u0142ty jest symbolem intelektu i rado\u015bci, dlatego bransoletki mo\u017cna u\u017cy\u0107 jako amuletu np. do oczyszczenia si\u0119 ze z\u0142ych my\u015bli, uzdrowienia pogl\u0105d\u00f3w, lub do koncentracji podczas nauki. Kolor \u017c\u00f3\u0142ty mo\u017ce pom\u00f3c w zr\u00f3wnowa\u017ceniu czakry trzeciej, kt\u00f3ra odpowiada za si\u0142\u0119 przebicia i sukcesy.<\/p>\n<p>&nbsp;<\/p>\n<p>&nbsp;<\/p>\n","protected":false},"excerpt":{"rendered":"<p>SPECYFIKACJA:<\/p>\n<ul>\n<li>Stan: nowe<\/li>\n<li>Marka: Iza Studio ART<\/li>\n<li>Kamie\u0144: Nefryt bursztynowy i hematyt<\/li>\n<li>Wymiary kamienia: kulka 8mm<\/li>\n<li>Kolor kamienia: be\u017cowo-\u017c\u00f3\u0142ty, grafitowy<\/li>\n<\/ul>\n","protected":false},"featured_media":5449,"comment_status":"open","ping_status":"closed","template":"","meta":[],"product_brand":[],"product_cat":[98,136,247,248,116,177,137,112,93,34,86,82,135,87,91,104,84,83],"product_tag":[],"class_list":{"0":"post-5448","1":"product","2":"type-product","3":"status-publish","4":"has-post-thumbnail","6":"product_cat-bezowy","7":"product_cat-grafitowy","8":"product_cat-madrosc","9":"product_cat-natchnienie","10":"product_cat-oczyszczanie","11":"product_cat-radosc","12":"product_cat-sukces","13":"product_cat-zdrowie","14":"product_cat-zolty","15":"product_cat-amulety-i-talizmany","16":"product_cat-bizuteria","17":"product_cat-bransoletki","18":"product_cat-hematyt","19":"product_cat-kamien","20":"product_cat-kolor","21":"product_cat-nefryt-bursztynowy","22":"product_cat-sklep-ezoteryczny","23":"product_cat-z-kamienia-amulety-i-talizmany","25":"first","26":"instock","27":"shipping-taxable","28":"purchasable","29":"product-type-simple"},"_links":{"self":[{"href":"https:\/\/izoteryk.pl\/index.php?rest_route=\/wp\/v2\/product\/5448","targetHints":{"allow":["GET"]}}],"collection":[{"href":"https:\/\/izoteryk.pl\/index.php?rest_route=\/wp\/v2\/product"}],"about":[{"href":"https:\/\/izoteryk.pl\/index.php?rest_route=\/wp\/v2\/types\/product"}],"replies":[{"embeddable":true,"href":"https:\/\/izoteryk.pl\/index.php?rest_route=%2Fwp%2Fv2%2Fcomments&post=5448"}],"wp:featuredmedia":[{"embeddable":true,"href":"https:\/\/izoteryk.pl\/index.php?rest_route=\/wp\/v2\/media\/5449"}],"wp:attachment":[{"href":"https:\/\/izoteryk.pl\/index.php?rest_route=%2Fwp%2Fv2%2Fmedia&parent=5448"}],"wp:term":[{"taxonomy":"product_brand","embeddable":true,"href":"https:\/\/izoteryk.pl\/index.php?rest_route=%2Fwp%2Fv2%2Fproduct_brand&post=5448"},{"taxonomy":"product_cat","embeddable":true,"href":"https:\/\/izoteryk.pl\/index.php?rest_route=%2Fwp%2Fv2%2Fproduct_cat&post=5448"},{"taxonomy":"product_tag","embeddable":true,"href":"https:\/\/izoteryk.pl\/index.php?rest_route=%2Fwp%2Fv2%2Fproduct_tag&post=5448"}],"curies":[{"name":"wp","href":"https:\/\/api.w.org\/{rel}","templated":true}]}}