{"id":5362,"date":"2024-04-17T23:17:06","date_gmt":"2024-04-17T21:17:06","guid":{"rendered":"https:\/\/izoteryk.pl\/?post_type=product&#038;p=5362"},"modified":"2026-02-18T14:24:08","modified_gmt":"2026-02-18T13:24:08","slug":"jasno-niebieska-swieczka-tea-light-z-wosku-sojowego","status":"publish","type":"product","link":"https:\/\/izoteryk.pl\/?product=jasno-niebieska-swieczka-tea-light-z-wosku-sojowego","title":{"rendered":"Jasno niebieska \u015bwieczka &#8211; tea light &#8211; z wosku sojowego"},"content":{"rendered":"<p>\u015awieczka z naturalnego wosku sojowego zalewana r\u0119cznie w domowym zaciszu pracowni JokerStones Candle. Knoty do tych \u015bwiec s\u0105 r\u0119cznie nak\u0142adane na blaszki i impregnowane woskiem sojowym.<\/p>\n<p>W bia\u0142ej magii jasno-niebieskiej \u015bwieczki u\u017cywa si\u0119 do rytua\u0142\u00f3w zwi\u0105zanych z uspokojeniem i komunikacj\u0105 werbaln\u0105<\/p>\n<p>Jasny niebieski to kolor czakry pi\u0105tej \u2013 tak zwanej czakry gard\u0142a<\/p>\n<p>Jasny niebieski kojarzy si\u0119 te\u017c z si\u0142ami anielskimi<\/p>\n<p>Uwaga! Kolory \u015bwieczek mog\u0105 r\u00f3\u017cni\u0107 si\u0119 od tych, kt\u00f3re wida\u0107 na zdj\u0119ciu ze wzgl\u0119du na r\u00f3\u017cne ustawienia sprz\u0119t\u00f3w a tak\u017ce mo\u017cliwo\u015bci aparatu, kt\u00f3rym zosta\u0142y sfotografowane.<\/p>\n<p>&nbsp;<\/p>\n","protected":false},"excerpt":{"rendered":"<p>SPECYFIKACJA<\/p>\n<ul>\n<li>Materia\u0142: wosk sojowy<\/li>\n<li>Knot: bawe\u0142niany<\/li>\n<li>Wymiary: ok 38x15mm<\/li>\n<li>Czas palenia: ok 2-3h<\/li>\n<\/ul>\n","protected":false},"featured_media":5363,"comment_status":"open","ping_status":"closed","template":"","meta":[],"product_brand":[],"product_cat":[191,192,96,148,91,272,172,84,171,361],"product_tag":[],"class_list":{"0":"post-5362","1":"product","2":"type-product","3":"status-publish","4":"has-post-thumbnail","6":"product_cat-komunikacja","7":"product_cat-moce-anielskie","8":"product_cat-niebieski","9":"product_cat-akcesoria-magiczne","10":"product_cat-kolor","11":"product_cat-medytacja","12":"product_cat-podgrzewacze","13":"product_cat-sklep-ezoteryczny","14":"product_cat-swieczki","15":"product_cat-z-wosku-sojowego","17":"first","18":"instock","19":"shipping-taxable","20":"purchasable","21":"product-type-simple"},"_links":{"self":[{"href":"https:\/\/izoteryk.pl\/index.php?rest_route=\/wp\/v2\/product\/5362","targetHints":{"allow":["GET"]}}],"collection":[{"href":"https:\/\/izoteryk.pl\/index.php?rest_route=\/wp\/v2\/product"}],"about":[{"href":"https:\/\/izoteryk.pl\/index.php?rest_route=\/wp\/v2\/types\/product"}],"replies":[{"embeddable":true,"href":"https:\/\/izoteryk.pl\/index.php?rest_route=%2Fwp%2Fv2%2Fcomments&post=5362"}],"wp:featuredmedia":[{"embeddable":true,"href":"https:\/\/izoteryk.pl\/index.php?rest_route=\/wp\/v2\/media\/5363"}],"wp:attachment":[{"href":"https:\/\/izoteryk.pl\/index.php?rest_route=%2Fwp%2Fv2%2Fmedia&parent=5362"}],"wp:term":[{"taxonomy":"product_brand","embeddable":true,"href":"https:\/\/izoteryk.pl\/index.php?rest_route=%2Fwp%2Fv2%2Fproduct_brand&post=5362"},{"taxonomy":"product_cat","embeddable":true,"href":"https:\/\/izoteryk.pl\/index.php?rest_route=%2Fwp%2Fv2%2Fproduct_cat&post=5362"},{"taxonomy":"product_tag","embeddable":true,"href":"https:\/\/izoteryk.pl\/index.php?rest_route=%2Fwp%2Fv2%2Fproduct_tag&post=5362"}],"curies":[{"name":"wp","href":"https:\/\/api.w.org\/{rel}","templated":true}]}}