{"id":5358,"date":"2024-04-17T22:23:44","date_gmt":"2024-04-17T20:23:44","guid":{"rendered":"https:\/\/izoteryk.pl\/?post_type=product&#038;p=5358"},"modified":"2026-02-18T14:29:34","modified_gmt":"2026-02-18T13:29:34","slug":"zolta-swieczka-tea-light-z-wosku-sojowego","status":"publish","type":"product","link":"https:\/\/izoteryk.pl\/?product=zolta-swieczka-tea-light-z-wosku-sojowego","title":{"rendered":"\u017b\u00f3\u0142ta \u015bwieca &#8211; tea light &#8211; z wosku sojowego"},"content":{"rendered":"<p>\u015awieczka z naturalnego wosku sojowego zalewana r\u0119cznie w domowym zaciszu pracowni JokerStones Candle. Knoty do tych \u015bwiec s\u0105 r\u0119cznie nak\u0142adane na blaszki i impregnowane woskiem sojowym.<\/p>\n<p>W bia\u0142ej magii \u017c\u00f3\u0142tej \u015bwieczki u\u017cywa si\u0119 do rytua\u0142\u00f3w zwi\u0105zanych z umys\u0142em, nauk\u0105, zdawaniem egzamin\u00f3w, rado\u015bci\u0105, si\u0142\u0105 przebicia i osi\u0105ganiem sukces\u00f3w.<\/p>\n<p>\u017b\u00f3\u0142ty to kolor czakry trzeciej \u2013 tak zwanej czakry splotu s\u0142onecznego<\/p>\n<p>Uwaga! kolory \u015bwieczek mog\u0105 nieznacznie si\u0119 r\u00f3\u017cni\u0107 od tych pokazanych na zdj\u0119ciach.<\/p>\n","protected":false},"excerpt":{"rendered":"<p>SPECYFIKACJA<\/p>\n<ul>\n<li>Materia\u0142: wosk sojowy<\/li>\n<li>Knot: bawe\u0142niany<\/li>\n<li>Wymiary: ok 38x15mm<\/li>\n<li>Czas palenia: ok 2-3h<\/li>\n<\/ul>\n","protected":false},"featured_media":5359,"comment_status":"open","ping_status":"closed","template":"","meta":[],"product_brand":[],"product_cat":[247,177,189,137,201,93,148,91,272,172,84,171,361],"product_tag":[],"class_list":{"0":"post-5358","1":"product","2":"type-product","3":"status-publish","4":"has-post-thumbnail","6":"product_cat-madrosc","7":"product_cat-radosc","8":"product_cat-sila-przebicia","9":"product_cat-sukces","10":"product_cat-szczescie","11":"product_cat-zolty","12":"product_cat-akcesoria-magiczne","13":"product_cat-kolor","14":"product_cat-medytacja","15":"product_cat-podgrzewacze","16":"product_cat-sklep-ezoteryczny","17":"product_cat-swieczki","18":"product_cat-z-wosku-sojowego","20":"first","21":"instock","22":"shipping-taxable","23":"purchasable","24":"product-type-simple"},"_links":{"self":[{"href":"https:\/\/izoteryk.pl\/index.php?rest_route=\/wp\/v2\/product\/5358","targetHints":{"allow":["GET"]}}],"collection":[{"href":"https:\/\/izoteryk.pl\/index.php?rest_route=\/wp\/v2\/product"}],"about":[{"href":"https:\/\/izoteryk.pl\/index.php?rest_route=\/wp\/v2\/types\/product"}],"replies":[{"embeddable":true,"href":"https:\/\/izoteryk.pl\/index.php?rest_route=%2Fwp%2Fv2%2Fcomments&post=5358"}],"wp:featuredmedia":[{"embeddable":true,"href":"https:\/\/izoteryk.pl\/index.php?rest_route=\/wp\/v2\/media\/5359"}],"wp:attachment":[{"href":"https:\/\/izoteryk.pl\/index.php?rest_route=%2Fwp%2Fv2%2Fmedia&parent=5358"}],"wp:term":[{"taxonomy":"product_brand","embeddable":true,"href":"https:\/\/izoteryk.pl\/index.php?rest_route=%2Fwp%2Fv2%2Fproduct_brand&post=5358"},{"taxonomy":"product_cat","embeddable":true,"href":"https:\/\/izoteryk.pl\/index.php?rest_route=%2Fwp%2Fv2%2Fproduct_cat&post=5358"},{"taxonomy":"product_tag","embeddable":true,"href":"https:\/\/izoteryk.pl\/index.php?rest_route=%2Fwp%2Fv2%2Fproduct_tag&post=5358"}],"curies":[{"name":"wp","href":"https:\/\/api.w.org\/{rel}","templated":true}]}}