{"id":5268,"date":"2024-03-20T12:28:11","date_gmt":"2024-03-20T11:28:11","guid":{"rendered":"https:\/\/izoteryk.pl\/?post_type=product&#038;p=5268"},"modified":"2026-01-28T18:36:22","modified_gmt":"2026-01-28T17:36:22","slug":"wisiorek-hinduska-bogini","status":"publish","type":"product","link":"https:\/\/izoteryk.pl\/?product=wisiorek-hinduska-bogini","title":{"rendered":"Wisiorek &#8211; Hinduska bogini"},"content":{"rendered":"<p>Bardzo ciekawy wisiorek z wizerunkiem hinduskiej bogini<\/p>\n<p>Wisiorek wykonany jest z ci\u0119\u017ckiego tworzywa przypominaj\u0105cego antyczny kamie\u0144<\/p>\n","protected":false},"excerpt":{"rendered":"<p>SPECYFIKACJA:<\/p>\n<ul>\n<li>Stan: nowe<\/li>\n<li>Materia\u0142: tworzywo<\/li>\n<li>Wymiary: 40x35x7mm<\/li>\n<li>Sznurek: naturalny<\/li>\n<li>D\u0142ugo\u015b\u0107 sznurka: regulowana<\/li>\n<\/ul>\n","protected":false},"featured_media":5269,"comment_status":"open","ping_status":"closed","template":"","meta":[],"product_brand":[],"product_cat":[98,94,107,34,86,91,84,38,345],"product_tag":[],"class_list":{"0":"post-5268","1":"product","2":"type-product","3":"status-publish","4":"has-post-thumbnail","6":"product_cat-bezowy","7":"product_cat-brazowy","8":"product_cat-ochrona","9":"product_cat-amulety-i-talizmany","10":"product_cat-bizuteria","11":"product_cat-kolor","12":"product_cat-sklep-ezoteryczny","13":"product_cat-wisiorki","14":"product_cat-z-tworzywa","16":"first","17":"instock","18":"featured","19":"shipping-taxable","20":"purchasable","21":"product-type-simple"},"_links":{"self":[{"href":"https:\/\/izoteryk.pl\/index.php?rest_route=\/wp\/v2\/product\/5268","targetHints":{"allow":["GET"]}}],"collection":[{"href":"https:\/\/izoteryk.pl\/index.php?rest_route=\/wp\/v2\/product"}],"about":[{"href":"https:\/\/izoteryk.pl\/index.php?rest_route=\/wp\/v2\/types\/product"}],"replies":[{"embeddable":true,"href":"https:\/\/izoteryk.pl\/index.php?rest_route=%2Fwp%2Fv2%2Fcomments&post=5268"}],"wp:featuredmedia":[{"embeddable":true,"href":"https:\/\/izoteryk.pl\/index.php?rest_route=\/wp\/v2\/media\/5269"}],"wp:attachment":[{"href":"https:\/\/izoteryk.pl\/index.php?rest_route=%2Fwp%2Fv2%2Fmedia&parent=5268"}],"wp:term":[{"taxonomy":"product_brand","embeddable":true,"href":"https:\/\/izoteryk.pl\/index.php?rest_route=%2Fwp%2Fv2%2Fproduct_brand&post=5268"},{"taxonomy":"product_cat","embeddable":true,"href":"https:\/\/izoteryk.pl\/index.php?rest_route=%2Fwp%2Fv2%2Fproduct_cat&post=5268"},{"taxonomy":"product_tag","embeddable":true,"href":"https:\/\/izoteryk.pl\/index.php?rest_route=%2Fwp%2Fv2%2Fproduct_tag&post=5268"}],"curies":[{"name":"wp","href":"https:\/\/api.w.org\/{rel}","templated":true}]}}