{"id":5264,"date":"2024-03-20T11:11:50","date_gmt":"2024-03-20T10:11:50","guid":{"rendered":"https:\/\/izoteryk.pl\/?post_type=product&#038;p=5264"},"modified":"2026-01-28T18:36:22","modified_gmt":"2026-01-28T17:36:22","slug":"kompletny-podrecznik-green-witch-paige-vanderbeck","status":"publish","type":"product","link":"https:\/\/izoteryk.pl\/?product=kompletny-podrecznik-green-witch-paige-vanderbeck","title":{"rendered":"Kompletny podr\u0119cznik Green Witch &#8211; Paige Vanderbeck"},"content":{"rendered":"<h1 class=\"book__title\">Wykorzystaj zielon\u0105 magi\u0119 wied\u017am do skutecznych zakl\u0119\u0107 i rytua\u0142\u00f3w ochronnych<\/h1>\n<p>&nbsp;<\/p>\n<p>&nbsp;<\/p>\n","protected":false},"excerpt":{"rendered":"<p>SPECYFIKACJA:<\/p>\n<ul>\n<li>Stan: nowe<\/li>\n<li>No\u015bnik: ksi\u0105\u017cka papierowa<\/li>\n<li>Ok\u0142adka: mi\u0119kka<\/li>\n<li>Wydawnictwo: Studio Astropsychologii<\/li>\n<li>Wydanie: pierwsze<\/li>\n<li>Rok wydania: 2021<\/li>\n<li>Wymiary: 20,5&#215;14,6cm<\/li>\n<li>Liczba stron: 204<\/li>\n<li>Tematyka: Zielona magia<\/li>\n<\/ul>\n","protected":false},"featured_media":5265,"comment_status":"open","ping_status":"closed","template":"","meta":[],"product_brand":[],"product_cat":[354,281,84],"product_tag":[],"class_list":{"0":"post-5264","1":"product","2":"type-product","3":"status-publish","4":"has-post-thumbnail","6":"product_cat-magia","7":"product_cat-ksiazki","8":"product_cat-sklep-ezoteryczny","10":"first","11":"instock","12":"shipping-taxable","13":"purchasable","14":"product-type-simple"},"_links":{"self":[{"href":"https:\/\/izoteryk.pl\/index.php?rest_route=\/wp\/v2\/product\/5264","targetHints":{"allow":["GET"]}}],"collection":[{"href":"https:\/\/izoteryk.pl\/index.php?rest_route=\/wp\/v2\/product"}],"about":[{"href":"https:\/\/izoteryk.pl\/index.php?rest_route=\/wp\/v2\/types\/product"}],"replies":[{"embeddable":true,"href":"https:\/\/izoteryk.pl\/index.php?rest_route=%2Fwp%2Fv2%2Fcomments&post=5264"}],"wp:featuredmedia":[{"embeddable":true,"href":"https:\/\/izoteryk.pl\/index.php?rest_route=\/wp\/v2\/media\/5265"}],"wp:attachment":[{"href":"https:\/\/izoteryk.pl\/index.php?rest_route=%2Fwp%2Fv2%2Fmedia&parent=5264"}],"wp:term":[{"taxonomy":"product_brand","embeddable":true,"href":"https:\/\/izoteryk.pl\/index.php?rest_route=%2Fwp%2Fv2%2Fproduct_brand&post=5264"},{"taxonomy":"product_cat","embeddable":true,"href":"https:\/\/izoteryk.pl\/index.php?rest_route=%2Fwp%2Fv2%2Fproduct_cat&post=5264"},{"taxonomy":"product_tag","embeddable":true,"href":"https:\/\/izoteryk.pl\/index.php?rest_route=%2Fwp%2Fv2%2Fproduct_tag&post=5264"}],"curies":[{"name":"wp","href":"https:\/\/api.w.org\/{rel}","templated":true}]}}