{"id":5249,"date":"2024-03-18T21:06:22","date_gmt":"2024-03-18T20:06:22","guid":{"rendered":"https:\/\/izoteryk.pl\/?post_type=product&#038;p=5249"},"modified":"2026-01-28T18:36:22","modified_gmt":"2026-01-28T17:36:22","slug":"zycie-zapisane-w-kartach-maciej-skrzatek","status":"publish","type":"product","link":"https:\/\/izoteryk.pl\/?product=zycie-zapisane-w-kartach-maciej-skrzatek","title":{"rendered":"\u017bycie zapisane w kartach &#8211; Maciej Skrz\u0105tek"},"content":{"rendered":"<h1 class=\"book__title\">Tarot wed\u0142ug wr\u00f3\u017cbity Macieja<\/h1>\n<p>&nbsp;<\/p>\n<p>Wy\u015bmienita ksi\u0105\u017cka jednego z najbardziej znanych i rozpoznawalnych wr\u00f3\u017cbit\u00f3w w Polsce napisana w formie autobiografii z wplecionymi znaczeniami 22 kart &#8211; tak zwanych Wielkich Arkan\u00f3w Tarota. Autor opowiada o swoim \u017cyciu od czas\u00f3w szkolnych, a\u017c do czasu, kiedy zosta\u0142 znan\u0105 i lubian\u0105 postaci\u0105 z telewizji ods\u0142aniaj\u0105c przed czytelnikami swoje dramaty, rado\u015bci i pasje a tak\u017ce ukazuj\u0105c kulisy swojego zawodu.<\/p>\n<p>Uwaga! Jest to wersja ksi\u0105\u017cki bez do\u0142\u0105czonych do niej kart!<\/p>\n","protected":false},"excerpt":{"rendered":"<p>SPECYFIKACJA:<\/p>\n<ul>\n<li>Stan: nowe<\/li>\n<li>No\u015bnik: ksi\u0105\u017cka papierowa<\/li>\n<li>Ok\u0142adka: mi\u0119kka<\/li>\n<li>Wydawnictwo: Muza<\/li>\n<li>Wydanie: pierwsze<\/li>\n<li>Rok wydania: 2015<\/li>\n<li>Wymiary: 20,5&#215;14,6cm<\/li>\n<li>Liczba stron: 334<\/li>\n<li>Tematyka: Autobiografia, wr\u00f3\u017cbiarstwo, znaczenie kart Tarota<\/li>\n<\/ul>\n","protected":false},"featured_media":5250,"comment_status":"open","ping_status":"closed","template":"","meta":[],"product_brand":[],"product_cat":[353,281,84],"product_tag":[],"class_list":{"0":"post-5249","1":"product","2":"type-product","3":"status-publish","4":"has-post-thumbnail","6":"product_cat-tarot-ksiazki","7":"product_cat-ksiazki","8":"product_cat-sklep-ezoteryczny","10":"first","11":"instock","12":"shipping-taxable","13":"purchasable","14":"product-type-simple"},"_links":{"self":[{"href":"https:\/\/izoteryk.pl\/index.php?rest_route=\/wp\/v2\/product\/5249","targetHints":{"allow":["GET"]}}],"collection":[{"href":"https:\/\/izoteryk.pl\/index.php?rest_route=\/wp\/v2\/product"}],"about":[{"href":"https:\/\/izoteryk.pl\/index.php?rest_route=\/wp\/v2\/types\/product"}],"replies":[{"embeddable":true,"href":"https:\/\/izoteryk.pl\/index.php?rest_route=%2Fwp%2Fv2%2Fcomments&post=5249"}],"wp:featuredmedia":[{"embeddable":true,"href":"https:\/\/izoteryk.pl\/index.php?rest_route=\/wp\/v2\/media\/5250"}],"wp:attachment":[{"href":"https:\/\/izoteryk.pl\/index.php?rest_route=%2Fwp%2Fv2%2Fmedia&parent=5249"}],"wp:term":[{"taxonomy":"product_brand","embeddable":true,"href":"https:\/\/izoteryk.pl\/index.php?rest_route=%2Fwp%2Fv2%2Fproduct_brand&post=5249"},{"taxonomy":"product_cat","embeddable":true,"href":"https:\/\/izoteryk.pl\/index.php?rest_route=%2Fwp%2Fv2%2Fproduct_cat&post=5249"},{"taxonomy":"product_tag","embeddable":true,"href":"https:\/\/izoteryk.pl\/index.php?rest_route=%2Fwp%2Fv2%2Fproduct_tag&post=5249"}],"curies":[{"name":"wp","href":"https:\/\/api.w.org\/{rel}","templated":true}]}}