{"id":4815,"date":"2023-12-27T16:53:24","date_gmt":"2023-12-27T15:53:24","guid":{"rendered":"https:\/\/izoteryk.pl\/?post_type=product&#038;p=4815"},"modified":"2026-01-28T18:50:58","modified_gmt":"2026-01-28T17:50:58","slug":"wisiorek-czaszka-z-kamienia-howlit-makrama","status":"publish","type":"product","link":"https:\/\/izoteryk.pl\/?product=wisiorek-czaszka-z-kamienia-howlit-makrama","title":{"rendered":"Wisiorek czaszka z kamienia &#8211; howlit &#8211; makrama"},"content":{"rendered":"<p>Wisiorek w kszta\u0142cie czaszki z howlitu barwionego na kolor pomara\u0144czowy &#8211; halloweenowe klimaty &#8211; mo\u017ce pe\u0142ni\u0107 rol\u0119 ozdobn\u0105, ale mo\u017cna te\u017c wykorzysta\u0107 magicznie.<\/p>\n<p>Czaszka jako symbol u\u0142atwia kontakt z za\u015bwiatami, natomiast pomara\u0144czowy to kolor rado\u015bci.<\/p>\n","protected":false},"excerpt":{"rendered":"<p>SPECYFIKACJA:<\/p>\n<ul>\n<li>Kamie\u0144: howlit<\/li>\n<li>Rozmiar kamienia: 20x15x20mm<\/li>\n<li>D\u0142ugo\u015b\u0107 sznurka: ok 65cm<\/li>\n<\/ul>\n","protected":false},"featured_media":4816,"comment_status":"open","ping_status":"closed","template":"","meta":[],"product_brand":[],"product_cat":[141,178,86,154,153,315,87,91,84,152,108,38],"product_tag":[],"class_list":{"0":"post-4815","1":"product","2":"type-product","3":"status-publish","4":"has-post-thumbnail","6":"product_cat-bezbarwny","7":"product_cat-pomaranczowy","8":"product_cat-bizuteria","9":"product_cat-czaszka","10":"product_cat-halloween","11":"product_cat-howlit","12":"product_cat-kamien","13":"product_cat-kolor","14":"product_cat-sklep-ezoteryczny","15":"product_cat-swieta","16":"product_cat-symbole","17":"product_cat-wisiorki","19":"first","20":"instock","21":"shipping-taxable","22":"purchasable","23":"product-type-simple"},"_links":{"self":[{"href":"https:\/\/izoteryk.pl\/index.php?rest_route=\/wp\/v2\/product\/4815","targetHints":{"allow":["GET"]}}],"collection":[{"href":"https:\/\/izoteryk.pl\/index.php?rest_route=\/wp\/v2\/product"}],"about":[{"href":"https:\/\/izoteryk.pl\/index.php?rest_route=\/wp\/v2\/types\/product"}],"replies":[{"embeddable":true,"href":"https:\/\/izoteryk.pl\/index.php?rest_route=%2Fwp%2Fv2%2Fcomments&post=4815"}],"wp:featuredmedia":[{"embeddable":true,"href":"https:\/\/izoteryk.pl\/index.php?rest_route=\/wp\/v2\/media\/4816"}],"wp:attachment":[{"href":"https:\/\/izoteryk.pl\/index.php?rest_route=%2Fwp%2Fv2%2Fmedia&parent=4815"}],"wp:term":[{"taxonomy":"product_brand","embeddable":true,"href":"https:\/\/izoteryk.pl\/index.php?rest_route=%2Fwp%2Fv2%2Fproduct_brand&post=4815"},{"taxonomy":"product_cat","embeddable":true,"href":"https:\/\/izoteryk.pl\/index.php?rest_route=%2Fwp%2Fv2%2Fproduct_cat&post=4815"},{"taxonomy":"product_tag","embeddable":true,"href":"https:\/\/izoteryk.pl\/index.php?rest_route=%2Fwp%2Fv2%2Fproduct_tag&post=4815"}],"curies":[{"name":"wp","href":"https:\/\/api.w.org\/{rel}","templated":true}]}}