{"id":4014,"date":"2023-04-20T22:01:20","date_gmt":"2023-04-20T20:01:20","guid":{"rendered":"https:\/\/izoteryk.pl\/?post_type=product&#038;p=4014"},"modified":"2026-01-28T20:00:57","modified_gmt":"2026-01-28T19:00:57","slug":"bransoletka-z-kamienia-lawa-prasowana-kulki-8mm-heksagram","status":"publish","type":"product","link":"https:\/\/izoteryk.pl\/?product=bransoletka-z-kamienia-lawa-prasowana-kulki-8mm-heksagram","title":{"rendered":"Bransoletka z kamienia &#8211; lawa prasowana &#8211; kulki 8mm heksagram"},"content":{"rendered":"<p>Bransoletka z lawy wulkanicznej prasowanej z zawieszk\u0105 w kszta\u0142cie heksagramu i wstawkami koloru srebrnego &#8211; na podw\u00f3jnej gumce jubilerskiej w\u0142oskowej.<\/p>\n<p>Gumka w\u0142oskowa sk\u0142ada si\u0119 z wielu cienkich gumeczek &#8211; jest elastyczna i trwa\u0142a, jednak jej trwa\u0142o\u015b\u0107 jak ka\u017cdej gumki jubilerskiej ma swoje granice &#8211; jej zalet\u0105 jest to, \u017ce nie p\u0119ka znienacka &#8211; kiedy bransoletka zrobi si\u0119 lu\u017ana lub wida\u0107 b\u0119dzie p\u0119kni\u0119cia pojedynczych cienkich gumeczek, to znak, \u017ce nale\u017cy wymieni\u0107 gumk\u0119 na now\u0105.<\/p>\n<p>Lawa wulkaniczna jest kamieniem r\u00f3wnowagi &#8211; zawiera w sobie wszystkie cztery \u017cywio\u0142y, natomiast heksagram to po\u0142\u0105czenie pierwiastka m\u0119skiego i \u017ce\u0144skiego.<\/p>\n","protected":false},"excerpt":{"rendered":"<p>SPECYFIKACJA:<br \/>\nStan: nowe<br \/>\nKamie\u0144: Lawa prasowana<br \/>\nWymiary kamienia: kulka 8mm<br \/>\nZawieszka: metalowa<br \/>\nKolory: czarny, srebrny<\/p>\n","protected":false},"featured_media":4729,"comment_status":"open","ping_status":"closed","template":"","meta":[],"product_brand":[],"product_cat":[92,114,106,34,86,82,250,87,91,103,84,108,83,42],"product_tag":[],"class_list":{"0":"post-4014","1":"product","2":"type-product","3":"status-publish","4":"has-post-thumbnail","6":"product_cat-czarny-kolor","7":"product_cat-rownowaga","8":"product_cat-srebrny","9":"product_cat-amulety-i-talizmany","10":"product_cat-bizuteria","11":"product_cat-bransoletki","12":"product_cat-heksagram","13":"product_cat-kamien","14":"product_cat-kolor","15":"product_cat-lawa-wulkaniczna","16":"product_cat-sklep-ezoteryczny","17":"product_cat-symbole","18":"product_cat-z-kamienia-amulety-i-talizmany","19":"product_cat-z-metalu","21":"first","22":"instock","23":"shipping-taxable","24":"purchasable","25":"product-type-simple"},"_links":{"self":[{"href":"https:\/\/izoteryk.pl\/index.php?rest_route=\/wp\/v2\/product\/4014","targetHints":{"allow":["GET"]}}],"collection":[{"href":"https:\/\/izoteryk.pl\/index.php?rest_route=\/wp\/v2\/product"}],"about":[{"href":"https:\/\/izoteryk.pl\/index.php?rest_route=\/wp\/v2\/types\/product"}],"replies":[{"embeddable":true,"href":"https:\/\/izoteryk.pl\/index.php?rest_route=%2Fwp%2Fv2%2Fcomments&post=4014"}],"wp:featuredmedia":[{"embeddable":true,"href":"https:\/\/izoteryk.pl\/index.php?rest_route=\/wp\/v2\/media\/4729"}],"wp:attachment":[{"href":"https:\/\/izoteryk.pl\/index.php?rest_route=%2Fwp%2Fv2%2Fmedia&parent=4014"}],"wp:term":[{"taxonomy":"product_brand","embeddable":true,"href":"https:\/\/izoteryk.pl\/index.php?rest_route=%2Fwp%2Fv2%2Fproduct_brand&post=4014"},{"taxonomy":"product_cat","embeddable":true,"href":"https:\/\/izoteryk.pl\/index.php?rest_route=%2Fwp%2Fv2%2Fproduct_cat&post=4014"},{"taxonomy":"product_tag","embeddable":true,"href":"https:\/\/izoteryk.pl\/index.php?rest_route=%2Fwp%2Fv2%2Fproduct_tag&post=4014"}],"curies":[{"name":"wp","href":"https:\/\/api.w.org\/{rel}","templated":true}]}}