{"id":3945,"date":"2023-04-15T02:05:43","date_gmt":"2023-04-15T00:05:43","guid":{"rendered":"https:\/\/izoteryk.pl\/?post_type=product&#038;p=3945"},"modified":"2026-01-28T20:00:57","modified_gmt":"2026-01-28T19:00:57","slug":"drzewo-zycia-wisiorek-srednica-25mm","status":"publish","type":"product","link":"https:\/\/izoteryk.pl\/?product=drzewo-zycia-wisiorek-srednica-25mm","title":{"rendered":"Drzewo \u017cycia &#8211; wisiorek &#8211; \u015brednica 25mm"},"content":{"rendered":"<p>Symbol si\u0142y, zdrowia i d\u0142ugowieczno\u015bci.<\/p>\n","protected":false},"excerpt":{"rendered":"<p>SPECYFIKACJA:<\/p>\n<ul>\n<li>Stan: nowe<\/li>\n<li>Materia\u0142: metal<\/li>\n<li>\u015arednica: 25mm<\/li>\n<li>Kolor: stare z\u0142oto<\/li>\n<li>Kolor sznurka: czarny<\/li>\n<li>D\u0142ugo\u015b\u0107 sznurka 45cm<\/li>\n<\/ul>\n","protected":false},"featured_media":5860,"comment_status":"open","ping_status":"closed","template":"","meta":[],"product_brand":[],"product_cat":[92,124,114,232,202,112,34,86,236,91,84,108,38,42],"product_tag":[],"class_list":{"0":"post-3945","1":"product","2":"type-product","3":"status-publish","4":"has-post-thumbnail","6":"product_cat-czarny-kolor","7":"product_cat-harmonia","8":"product_cat-rownowaga","9":"product_cat-sila","10":"product_cat-stare-zloto","11":"product_cat-zdrowie","12":"product_cat-amulety-i-talizmany","13":"product_cat-bizuteria","14":"product_cat-drzewo","15":"product_cat-kolor","16":"product_cat-sklep-ezoteryczny","17":"product_cat-symbole","18":"product_cat-wisiorki","19":"product_cat-z-metalu","21":"first","22":"instock","23":"shipping-taxable","24":"purchasable","25":"product-type-simple"},"_links":{"self":[{"href":"https:\/\/izoteryk.pl\/index.php?rest_route=\/wp\/v2\/product\/3945","targetHints":{"allow":["GET"]}}],"collection":[{"href":"https:\/\/izoteryk.pl\/index.php?rest_route=\/wp\/v2\/product"}],"about":[{"href":"https:\/\/izoteryk.pl\/index.php?rest_route=\/wp\/v2\/types\/product"}],"replies":[{"embeddable":true,"href":"https:\/\/izoteryk.pl\/index.php?rest_route=%2Fwp%2Fv2%2Fcomments&post=3945"}],"wp:featuredmedia":[{"embeddable":true,"href":"https:\/\/izoteryk.pl\/index.php?rest_route=\/wp\/v2\/media\/5860"}],"wp:attachment":[{"href":"https:\/\/izoteryk.pl\/index.php?rest_route=%2Fwp%2Fv2%2Fmedia&parent=3945"}],"wp:term":[{"taxonomy":"product_brand","embeddable":true,"href":"https:\/\/izoteryk.pl\/index.php?rest_route=%2Fwp%2Fv2%2Fproduct_brand&post=3945"},{"taxonomy":"product_cat","embeddable":true,"href":"https:\/\/izoteryk.pl\/index.php?rest_route=%2Fwp%2Fv2%2Fproduct_cat&post=3945"},{"taxonomy":"product_tag","embeddable":true,"href":"https:\/\/izoteryk.pl\/index.php?rest_route=%2Fwp%2Fv2%2Fproduct_tag&post=3945"}],"curies":[{"name":"wp","href":"https:\/\/api.w.org\/{rel}","templated":true}]}}