{"id":3776,"date":"2023-03-11T16:14:35","date_gmt":"2023-03-11T15:14:35","guid":{"rendered":"https:\/\/izoteryk.pl\/?post_type=product&#038;p=3776"},"modified":"2026-01-28T20:18:54","modified_gmt":"2026-01-28T19:18:54","slug":"karty-lenormand-fortune-telling-cards","status":"publish","type":"product","link":"https:\/\/izoteryk.pl\/?product=karty-lenormand-fortune-telling-cards","title":{"rendered":"Karty Lenormand Fortune Telling Cards"},"content":{"rendered":"<p>Lenormand s\u0105 bardzo popularnymi kartami do wr\u00f3\u017cenia &#8211; ich nazwa wywodzi si\u0119 od Marie Anne Adelaide Lenormand, kt\u00f3ra \u017cy\u0142a na prze\u0142omie XVIII i XIX wieku i by\u0142a bardzo popularn\u0105 francusk\u0105 wr\u00f3\u017cbitk\u0105 s\u0142yn\u0105c\u0105 ze swych przepowiedni.<\/p>\n","protected":false},"excerpt":{"rendered":"<p>SPECYFIKACJA:<\/p>\n<ul>\n<li>Stan: nowe<\/li>\n<li>Wymiary opakowania: 9x6cm<\/li>\n<li>Ilo\u015b\u0107: 36 kart w opakowaniu<\/li>\n<li>Instrukcja: w j\u0119zyku angielskim<\/li>\n<\/ul>\n","protected":false},"featured_media":3777,"comment_status":"open","ping_status":"closed","template":"","meta":[],"product_brand":[],"product_cat":[148,197,200,84],"product_tag":[],"class_list":{"0":"post-3776","1":"product","2":"type-product","3":"status-publish","4":"has-post-thumbnail","6":"product_cat-akcesoria-magiczne","7":"product_cat-karty-do-wrozenia","8":"product_cat-lenormand","9":"product_cat-sklep-ezoteryczny","11":"first","12":"instock","13":"shipping-taxable","14":"purchasable","15":"product-type-simple"},"_links":{"self":[{"href":"https:\/\/izoteryk.pl\/index.php?rest_route=\/wp\/v2\/product\/3776","targetHints":{"allow":["GET"]}}],"collection":[{"href":"https:\/\/izoteryk.pl\/index.php?rest_route=\/wp\/v2\/product"}],"about":[{"href":"https:\/\/izoteryk.pl\/index.php?rest_route=\/wp\/v2\/types\/product"}],"replies":[{"embeddable":true,"href":"https:\/\/izoteryk.pl\/index.php?rest_route=%2Fwp%2Fv2%2Fcomments&post=3776"}],"wp:featuredmedia":[{"embeddable":true,"href":"https:\/\/izoteryk.pl\/index.php?rest_route=\/wp\/v2\/media\/3777"}],"wp:attachment":[{"href":"https:\/\/izoteryk.pl\/index.php?rest_route=%2Fwp%2Fv2%2Fmedia&parent=3776"}],"wp:term":[{"taxonomy":"product_brand","embeddable":true,"href":"https:\/\/izoteryk.pl\/index.php?rest_route=%2Fwp%2Fv2%2Fproduct_brand&post=3776"},{"taxonomy":"product_cat","embeddable":true,"href":"https:\/\/izoteryk.pl\/index.php?rest_route=%2Fwp%2Fv2%2Fproduct_cat&post=3776"},{"taxonomy":"product_tag","embeddable":true,"href":"https:\/\/izoteryk.pl\/index.php?rest_route=%2Fwp%2Fv2%2Fproduct_tag&post=3776"}],"curies":[{"name":"wp","href":"https:\/\/api.w.org\/{rel}","templated":true}]}}