{"id":1335,"date":"2022-11-18T23:10:42","date_gmt":"2022-11-18T22:10:42","guid":{"rendered":"https:\/\/izoteryk.pl\/?page_id=1335"},"modified":"2022-11-18T23:10:42","modified_gmt":"2022-11-18T22:10:42","slug":"polityka-cookies","status":"publish","type":"page","link":"https:\/\/izoteryk.pl\/?page_id=1335","title":{"rendered":"Polityka cookies"},"content":{"rendered":"\n<p><a href=\"https:\/\/www.facebook.com\/timonistos\" target=\"_blank\" rel=\"noreferrer noopener\"><\/a><a href=\"https:\/\/www.youtube.com\/channel\/UC9XZjzpkvUdNpUXhyKGb30A\" target=\"_blank\" rel=\"noreferrer noopener\"><\/a><a href=\"mailto:sklep@timonistos.pl\"><\/a><\/p>\n\n\n\n<p>Zgodnie z prawem informujemy, \u017ce nasza strona www.izoteryk.pl stosuje technologie wykorzystuj\u0105ce pliki cookies \u2013 s\u0105 to technologie maj\u0105ce na celu prawid\u0142owe wy\u015bwietlanie i funkcjonowanie naszej strony, dla \u015bledzenia ruchu na naszej stronie za pomoc\u0105 program\u00f3w analitycznych oraz do wy\u015bwietlania dopasowanych reklam.<\/p>\n\n\n\n<h2 class=\"wp-block-heading\">Czym s\u0105 pliki cookies?<\/h2>\n\n\n\n<p>Pliki cookies potocznie zwane ciasteczkami s\u0105 to fragmenty danych zapisywane na urz\u0105dzeniach u\u017cytkownik\u00f3w lub u\u017cywanych przez nich wyszukiwarkach \u2013 informacje te zapisywane s\u0105 w formie plik\u00f3w \u2013 maj\u0105 one na celu usprawnienie korzystania z internetu.<\/p>\n\n\n\n<h2 class=\"wp-block-heading\">Zgoda na stosowanie plik\u00f3w cookies<\/h2>\n\n\n\n<p>U\u017cytkownik mo\u017ce wyrazi\u0107 zgod\u0119 na stosowanie plik\u00f3w cookies za pomoc\u0105 przycisku widniej\u0105cego na naszej stronie lub za pomoc\u0105 ustawie\u0144 swojej przegl\u0105darki.<\/p>\n\n\n\n<h2 class=\"wp-block-heading\">W jakich celach wykorzystywane s\u0105 pliki cookies?<\/h2>\n\n\n\n<p>Znaczna wi\u0119kszo\u015b\u0107 stron internetowych wykorzystuje technologi\u0119 plik\u00f3w cookies \u2013 ka\u017cda z tych stron wykorzystuje j\u0105 do r\u00f3\u017cnych cel\u00f3w, przede wszystkim jest to zapami\u0119tywanie urz\u0105dze\u0144, kt\u00f3rych u\u017cytkownicy korzystali ze strony w celu sprawniejszego z niej korzystania np. przy logowaniu i przechodzeniu ze strony na inn\u0105 stron\u0119 za pomoc\u0105 danych zebranych na plikach cookies mo\u017cna z \u0142atwo\u015bci\u0105 zalogowa\u0107 si\u0119 na innej stronie za pomoc\u0105 utworzonego wcze\u015bniej profilu. Pliki cookies wspomagaj\u0105 te\u017c reklamodawc\u00f3w, kt\u00f3rzy mog\u0105 dzi\u0119ki nim trafi\u0107 do odbiorcy, kt\u00f3ry potencjalnie mo\u017ce wykaza\u0107 wi\u0119ksze zainteresowanie z racji tego, \u017ce ju\u017c wcze\u015bniej zagl\u0105da\u0142 na strony o podobnej tematyce. Pliki cookies stosuje si\u0119 te\u017c do stworzenia u\u017cytkownikowi komfortu sprawniejszego i szybszego poruszania si\u0119 po stronie.<\/p>\n\n\n\n<h2 class=\"wp-block-heading\">Zagro\u017cenia<\/h2>\n\n\n\n<p>Istniej\u0105 pewne zagro\u017cenia zwi\u0105zane ze stosowania plik\u00f3w cookies \u2013 jednym z takich zagro\u017ce\u0144 mo\u017ce by\u0107 np. manipulowanie kupuj\u0105cym poprzez podwy\u017cszanie ceny towaru widz\u0105c zainteresowanie z jego strony. Korzystaj\u0105cy ze strony sam musi rozstrzygn\u0105\u0107 czy strona jest godna zaufania czy te\u017c nie.<\/p>\n","protected":false},"excerpt":{"rendered":"<p>Zgodnie z prawem informujemy, \u017ce nasza strona www.izoteryk.pl stosuje technologie wykorzystuj\u0105ce pliki cookies \u2013 s\u0105 to technologie maj\u0105ce na celu prawid\u0142owe wy\u015bwietlanie i funkcjonowanie naszej strony, dla \u015bledzenia ruchu na naszej stronie za pomoc\u0105 program\u00f3w analitycznych oraz do wy\u015bwietlania dopasowanych reklam. Czym s\u0105 pliki cookies? Pliki cookies potocznie zwane ciasteczkami s\u0105 to fragmenty danych zapisywane [&hellip;]<\/p>\n","protected":false},"author":1,"featured_media":0,"parent":0,"menu_order":0,"comment_status":"closed","ping_status":"closed","template":"","meta":{"footnotes":""},"class_list":["post-1335","page","type-page","status-publish","hentry"],"_links":{"self":[{"href":"https:\/\/izoteryk.pl\/index.php?rest_route=\/wp\/v2\/pages\/1335","targetHints":{"allow":["GET"]}}],"collection":[{"href":"https:\/\/izoteryk.pl\/index.php?rest_route=\/wp\/v2\/pages"}],"about":[{"href":"https:\/\/izoteryk.pl\/index.php?rest_route=\/wp\/v2\/types\/page"}],"author":[{"embeddable":true,"href":"https:\/\/izoteryk.pl\/index.php?rest_route=\/wp\/v2\/users\/1"}],"replies":[{"embeddable":true,"href":"https:\/\/izoteryk.pl\/index.php?rest_route=%2Fwp%2Fv2%2Fcomments&post=1335"}],"version-history":[{"count":1,"href":"https:\/\/izoteryk.pl\/index.php?rest_route=\/wp\/v2\/pages\/1335\/revisions"}],"predecessor-version":[{"id":1336,"href":"https:\/\/izoteryk.pl\/index.php?rest_route=\/wp\/v2\/pages\/1335\/revisions\/1336"}],"wp:attachment":[{"href":"https:\/\/izoteryk.pl\/index.php?rest_route=%2Fwp%2Fv2%2Fmedia&parent=1335"}],"curies":[{"name":"wp","href":"https:\/\/api.w.org\/{rel}","templated":true}]}}